{"id":59,"date":"2023-11-06T10:46:44","date_gmt":"2023-11-06T10:46:44","guid":{"rendered":"https:\/\/liveunlimitedpku-dev-001.azurewebsites.net\/pt-pt\/?page_id=59"},"modified":"2025-02-18T17:44:41","modified_gmt":"2025-02-18T17:44:41","slug":"apoio-ao-doente","status":"publish","type":"page","link":"https:\/\/pku.biomarin.com\/pt-pt\/liveunlimited\/apoio-ao-doente\/","title":{"rendered":"Apoio ao doente"},"content":{"rendered":"<div id=\"acf-block-654a1d4db1c6f\" class=\"hero hero-no-overlay\">\n            <div class=\"hero-background-image hero-background-image-desktop\" style=\"background-image: url(https:\/\/pku.biomarin.com\/pt-pt\/liveunlimited\/wp-content\/uploads\/sites\/16\/2023\/11\/first-aidB.png?v=0.74);\"><\/div>\n\t    <div class=\"hero-background-image hero-background-image-mobile\" style=\"background-image: url(https:\/\/pku.biomarin.com\/pt-pt\/liveunlimited\/wp-content\/uploads\/sites\/16\/2023\/11\/First_Aid.png?v=0.74);\"><\/div>\n    \t<div class=\"overlay\"><\/div>\n\t<div class=\"wrapper\">\n\t\t<div class=\"inner-wrapper\">\n\t\t\t<div class=\"hero-content\">\n\t\t\t    \t\t\t\t    <span class=\"section-title\">A vida \u00e9 complicada quando n\u00e3o tem as ferramentas de que precisa<\/span>\n\t\t\t\t\t\t\t\t\t\t\t\t\t\t\t\t    <h1>APOIO AO DOENTE\n<\/h1>\n\t\t\t\t\t\t\t\t\t\t\t\t    <p>Esta campanha foi financiada e desenvolvida pela BioMarin em colabora\u00e7\u00e3o com estas organiza\u00e7\u00f5es: AMMeC e Cometa A.S.M.M.E (P\u00e1dua) (It\u00e1lia), Les Feux Follets (Fran\u00e7a), Svenska PKU-f\u00f6reningen (Su\u00e9cia), PKU Aile Derne\u011fi (Turquia), FEEMH (Espanha) e APOFEN (Portugal).<\/p>\n<p>Pode obter mais informa\u00e7\u00f5es sobre as associa\u00e7\u00f5es de doentes que colaboraram para criar e impulsionar esta campanha, o apoio que oferecem e o trabalho que realizam, contactando-os atrav\u00e9s dos detalhes abaixo.<\/p>\n\t\t\t\t\t\t\t\t\n                <p class=\"inline-buttons\">\n                                                        <\/p>\n\t\t\t\t\t\t\t<\/div>\n\t\t<\/div>\n\t<\/div>\n<\/div>\n\n\n<div id=\"acf-block-654a242f441ab\" class=\"block boxed-content boxed-content-white\">\n\t<div class=\"wrapper\">\n\t\t<div class=\"inner-wrapper\">\n\t\t\t<div class=\"box\">\n\t\t\t\t\t\t\t\t\n<div id=\"acf-block-654a26c936350\" class=\"image-text-block content-align-center bottom-border\">\n        <div class=\"content-block\">\n                    <h3>APOFEN\n<\/h3>\n                            <p><strong>Portugal<\/strong><\/p>\n<p>A APOFEN \u00e9 uma associa\u00e7\u00e3o sem fins lucrativos e que, em Portugal, d\u00e1 apoio \u00e0 Fenilceton\u00faria e tamb\u00e9m a outras doen\u00e7as heredit\u00e1rias do metabolismo das prote\u00ednas que, embora care\u00e7am de tratamentos farmacol\u00f3gicos diferentes, t\u00eam como ponto comum uma dieta hipoproteica. Tem como miss\u00e3o garantir a melhoria da qualidade de vida dos doentes e caracteriza-se pela rela\u00e7\u00e3o de grande proximidade com todos eles.<\/p>\n<p>Tem uma s\u00e9rie de atividades ao longo do ano, para atingir a sua miss\u00e3o, tais como: Programa de mentores; Programa de apoio a fam\u00edlias carenciadas; grupo \u201cAPOFEN Jovem\u201d; Apoio psicol\u00f3gico; A\u00e7\u00f5es em infant\u00e1rios e escolas; Fim-de-semana cultural para jovens adultos; Campo de F\u00e9rias; Encontro Nacional de Fam\u00edlias; Encontros Regionais (ilhas); Workshops de cozinha e reuni\u00f5es tem\u00e1ticas.<\/p>\n<p><a href=\"mailto:geral@apofen.pt\">geral@apofen.pt<\/a><\/p>\n<p><a href=\"tel:+351 917 007 569\">+351 917 007 569<\/a><\/p>\n                    <\/div>\n<\/div>\n\n<div id=\"acf-block-654a242f44575\" class=\"image-text-block content-align-center bottom-border\">\n        <div class=\"content-block\">\n                    <h3>AMMeC\n<\/h3>\n                            <p><strong>IT\u00c1LIA<\/strong><\/p>\n<p>AMMeC (Associazione Malattie Metaboliche Congenite) \u00e9 uma associa\u00e7\u00e3o italiana de doen\u00e7as neurometab\u00f3licas respons\u00e1vel por disponibilizar apoio aos doentes e \u00e0s suas fam\u00edlias. Os objetivos da associa\u00e7\u00e3o incluem promover um maior conhecimento das doen\u00e7as metab\u00f3licas, estimular a investiga\u00e7\u00e3o e a preven\u00e7\u00e3o m\u00e9dico-cient\u00edficas, al\u00e9m de garantir a forma\u00e7\u00e3o adequada dos m\u00e9dicos que cuidam dos doentes com estas doen\u00e7as.<\/p>\n<p><a href=\"mailto:ammec@ammec.it\">ammec@ammec.it<\/a><\/p>\n<p><a href=\"tel:+39 349 7656574\">+39 349 7656574<\/a><\/p>\n                    <\/div>\n<\/div>\n\n<div id=\"acf-block-654a242f4461a\" class=\"image-text-block content-align-center bottom-border\">\n        <div class=\"content-block\">\n                    <h3>Cometa A.S.M.M.E (Padua)\n<\/h3>\n                            <p><strong>It\u00e1lia<\/strong><\/p>\n<p>COMETA ASMME \u00e9 uma associa\u00e7\u00e3o italiana para doentes com doen\u00e7as metab\u00f3licas, incluindo PKU. A associa\u00e7\u00e3o compromete-se em apoiar as pessoas afetadas por doen\u00e7as heredit\u00e1rias do metabolismo e promover o financiamento de investiga\u00e7\u00e3o em doen\u00e7as metab\u00f3licas. Al\u00e9m disso, a Cometa ASMME concentra-se em consciencializar o p\u00fablico sobre a exist\u00eancia e a gravidade destas doen\u00e7as e sensibilizar as autoridades de sa\u00fade sobre a assist\u00eancia m\u00e9dica espec\u00edfica e cont\u00ednua necess\u00e1ria para permitir que os doentes se integrem na sociedade.<\/p>\n<p><a href=\"mailto:info@cometaasmme.org\">info@cometaasmme.org<\/a><\/p>\n<p><a href=\"tel:049.8962825\">049.8962825<\/a><\/p>\n                    <\/div>\n<\/div>\n\n<div id=\"acf-block-654a242f446aa\" class=\"image-text-block content-align-center bottom-border\">\n        <div class=\"content-block\">\n                    <h3>Federaci\u00f3n Espa\u00f1ola de Enfermedades Metab\u00f3licas Hereditarias, (FEEMH)\n<\/h3>\n                            <p><strong>Espanha<\/strong><\/p>\n<p>FEEMH \u00e9 uma associa\u00e7\u00e3o espanhola sem fins lucrativos com a miss\u00e3o de melhorar a qualidade de vida das pessoas afetadas por doen\u00e7as heredit\u00e1rias do metabolismo. A associa\u00e7\u00e3o atinge os seus objetivos atrav\u00e9s de workshops de psicologia e nutricionais, disponibilizando subs\u00eddios para a compra de alimentos com pouca prote\u00edna, aumentando a consciencializa\u00e7\u00e3o, colaborando na investiga\u00e7\u00e3o e ampliando e uniformizando o rastreio neonatal a n\u00edvel regional.<\/p>\n<p><a href=\"mailto:federacion@metabolicos.es\">federacion@metabolicos.es<\/a><\/p>\n<p><a href=\"tel:+34 910 82 88 20\">+34 910 82 88 20<\/a><\/p>\n                    <\/div>\n<\/div>\n\n<div id=\"acf-block-654a242f44728\" class=\"image-text-block content-align-center bottom-border\">\n        <div class=\"content-block\">\n                    <h3>Svenska PKU-f\u00f6reningen\n<\/h3>\n                            <p><strong>Su\u00e9cia<\/strong><\/p>\n<p>Svenska PKU-f\u00f6reningen \u00e9 uma organiza\u00e7\u00e3o sueca fundada em 1991 e faz parte da Rare Diagnosis Association. A associa\u00e7\u00e3o tem como objetivo melhorar a vida dos doentes PKU e das suas fam\u00edlias. Isto reflete-se nos objetivos da associa\u00e7\u00e3o, que incluem divulgar informa\u00e7\u00e3o sobre PKU, promover uma maior escolha de produtos diet\u00e9ticos e trabalhar para a exist\u00eancia de diretrizes claras sobre a PKU.<\/p>\n<p><a href=\"mailto:eva.falkcarlsson@pku.se\">eva.falkcarlsson@pku.se<\/a><\/p>\n<p><a href=\"mailto:marcus.strandepil@pku.se\">marcus.strandepil@pku.se<\/a><\/p>\n<p><a href=\"tel:+46 73 336 58 18\">+46 73 336 58 18<\/a><\/p>\n                    <\/div>\n<\/div>\n\n<div id=\"acf-block-654a242f447a9\" class=\"image-text-block content-align-center bottom-border\">\n        <div class=\"content-block\">\n                    <h3>PKU Aile Derne\u011fi\n<\/h3>\n                            <p><strong>Turquia<\/strong><\/p>\n<p>A PKU Aile Derne\u011fi \u00e9 uma associa\u00e7\u00e3o turca de PKU com objetivos focados em melhorar a vida das pessoas afetadas pela PKU. Estes objetivos incluem dar forma\u00e7\u00e3o sobre o tratamento de indiv\u00edduos com PKU, preparar e implementar programas especiais de educa\u00e7\u00e3o\/reabilita\u00e7\u00e3o para pessoas com defici\u00eancia e trabalhar em coopera\u00e7\u00e3o com institui\u00e7\u00f5es relevantes em produtos diet\u00e9ticos.<\/p>\n<p><a href=\"mailto:info@pkuaile.com\">info@pkuaile.com<\/a><\/p>\n<p><a href=\"tel:212 613 42 81\">212 613 42 81<\/a><\/p>\n                    <\/div>\n<\/div>\n\n<div id=\"acf-block-654a242f44825\" class=\"image-text-block content-align-center bottom-border\">\n        <div class=\"content-block\">\n                    <h3>Les Feux Follets\n<\/h3>\n                            <p><strong>France<\/strong><\/p>\n<p>Les Feux Follets \u00e9 uma associa\u00e7\u00e3o nacional francesa de pais de crian\u00e7as e adultos com doen\u00e7as heredit\u00e1rias do metabolismo tratadas por uma dieta rigorosa, incluindo PKU. A miss\u00e3o da associa\u00e7\u00e3o \u00e9 transmitir informa\u00e7\u00f5es cient\u00edficas e m\u00e9dicas atrav\u00e9s de profissionais, dar aconselhamento, permitir que as fam\u00edlias se encontrem e partilhem as suas experi\u00eancias e dar apoio administrativo \u00e0s fam\u00edlias.<\/p>\n<p>\u00c9 importante para a Les Feux Follets juntar crian\u00e7as, adolescentes, adultos e pessoas da comunidade para ajud\u00e1-los e apoi\u00e1-los na gest\u00e3o di\u00e1ria da doen\u00e7a. Trabalham de v\u00e1rias formas para atingir os seus objetivos, por exemplo, a associa\u00e7\u00e3o organiza workshops regionais sobre culin\u00e1ria\/doen\u00e7as.<\/p>\n<p><a href=\"mailto:lesfeuxfollets@phenylcetonurie.org\">lesfeuxfollets@phenylcetonurie.org<\/a><\/p>\n<p><a href=\"tel:06 98 87 31 31\">06 98 87 31 31<\/a><\/p>\n                    <\/div>\n<\/div>\n\n<div id=\"acf-block-654a242f448c6\" class=\"image-text-block content-align-center bottom-border\">\n        <div class=\"content-block\">\n                    <h3>PKAUI\n<\/h3>\n                            <p><strong>Ireland<\/strong><\/p>\n<p>The PKU Association of Ireland (PKUAI), established and managed by a voluntary group of community members, aims to assist and support those living with PKU in Ireland today.<\/p>\n<p>The PKUAI strive continuously for the best quality of care for those living with PKU through; raising awareness about the rare disease, advocating for more proactive and holistic lifelong care from diagnosis of newborns, continuing throughout childhood into older adulthood and providing a support network for our community.<\/p>\n<p>PKAUI believe with a more determined and scientific approach to treating PKU, people living with this rare disease will secure a better quality of life and be better able to reach their full potential.<\/p>\n<p><a href=\"mailto:info@pku.ie\">info@pku.ie<\/a> <\/p>\n<p><a href=\"mailto:communications@pku.ie\">communications@pku.ie<\/a><\/p>\n                    <\/div>\n<\/div>\n\n<div id=\"acf-block-654a242f44942\" class=\"image-text-block content-align-center block-tight-bottom\">\n        <div class=\"content-block\">\n                    <h3>The Hungarian Society for PKU\n<\/h3>\n                            <p><strong>Hungary<\/strong><\/p>\n<p>Founded in 1990, the Hungarian Society for PKU provide dietary support, summer camps, scholarship programmes, support for events and information materials to families across Hungary.<\/p>\n<p><a href=\"mailto:pku@pkuegyesulet.hu\">pku@pkuegyesulet.hu<\/a><\/p>\n<p>+36-30\/493-7738<\/p>\n                    <\/div>\n<\/div>\n\t\t\t<\/div>\n\t\t<\/div>\n\t<\/div>\n<\/div>","protected":false},"excerpt":{"rendered":"","protected":false},"author":2,"featured_media":0,"parent":0,"menu_order":0,"comment_status":"closed","ping_status":"closed","template":"","meta":{"_acf_changed":false,"inline_featured_image":false,"footnotes":""},"class_list":["post-59","page","type-page","status-publish","hentry"],"acf":[],"yoast_head":"<!-- This site is optimized with the Yoast SEO plugin v27.1.1 - https:\/\/yoast.com\/product\/yoast-seo-wordpress\/ -->\n<title>Apoio ao doente | Live Unlimited PKU<\/title>\n<meta name=\"description\" content=\"Esta campanha foi fundida e desenvolvida pela BioMarin em colabora\u00e7\u00e3o com seis grupos de doentes e os seus doentes membros.\" \/>\n<meta name=\"robots\" content=\"index, follow, max-snippet:-1, max-image-preview:large, max-video-preview:-1\" \/>\n<link rel=\"canonical\" href=\"https:\/\/pku.biomarin.com\/pt-pt\/liveunlimited\/apoio-ao-doente\/\" \/>\n<meta property=\"og:locale\" content=\"pt_PT\" \/>\n<meta property=\"og:type\" content=\"article\" \/>\n<meta property=\"og:title\" content=\"Apoio ao doente | Live Unlimited PKU\" \/>\n<meta property=\"og:description\" content=\"Esta campanha foi fundida e desenvolvida pela BioMarin em colabora\u00e7\u00e3o com seis grupos de doentes e os seus doentes membros.\" \/>\n<meta property=\"og:url\" content=\"https:\/\/pku.biomarin.com\/pt-pt\/liveunlimited\/apoio-ao-doente\/\" \/>\n<meta property=\"og:site_name\" content=\"BioMarin Live Unlimited PT-PT\" \/>\n<meta property=\"article:modified_time\" content=\"2025-02-18T17:44:41+00:00\" \/>\n<meta name=\"twitter:card\" content=\"summary_large_image\" \/>\n<script type=\"application\/ld+json\" class=\"yoast-schema-graph\">{\"@context\":\"https:\/\/schema.org\",\"@graph\":[{\"@type\":\"WebPage\",\"@id\":\"https:\/\/pku.biomarin.com\/pt-pt\/liveunlimited\/apoio-ao-doente\/\",\"url\":\"https:\/\/pku.biomarin.com\/pt-pt\/liveunlimited\/apoio-ao-doente\/\",\"name\":\"Apoio ao doente | Live Unlimited PKU\",\"isPartOf\":{\"@id\":\"https:\/\/pku.biomarin.com\/pt-pt\/liveunlimited\/#website\"},\"datePublished\":\"2023-11-06T10:46:44+00:00\",\"dateModified\":\"2025-02-18T17:44:41+00:00\",\"description\":\"Esta campanha foi fundida e desenvolvida pela BioMarin em colabora\u00e7\u00e3o com seis grupos de doentes e os seus doentes membros.\",\"breadcrumb\":{\"@id\":\"https:\/\/pku.biomarin.com\/pt-pt\/liveunlimited\/apoio-ao-doente\/#breadcrumb\"},\"inLanguage\":\"pt-PT\",\"potentialAction\":[{\"@type\":\"ReadAction\",\"target\":[\"https:\/\/pku.biomarin.com\/pt-pt\/liveunlimited\/apoio-ao-doente\/\"]}]},{\"@type\":\"BreadcrumbList\",\"@id\":\"https:\/\/pku.biomarin.com\/pt-pt\/liveunlimited\/apoio-ao-doente\/#breadcrumb\",\"itemListElement\":[{\"@type\":\"ListItem\",\"position\":1,\"name\":\"Home\",\"item\":\"https:\/\/pku.biomarin.com\/pt-pt\/liveunlimited\/\"},{\"@type\":\"ListItem\",\"position\":2,\"name\":\"Apoio ao doente\"}]},{\"@type\":\"WebSite\",\"@id\":\"https:\/\/pku.biomarin.com\/pt-pt\/liveunlimited\/#website\",\"url\":\"https:\/\/pku.biomarin.com\/pt-pt\/liveunlimited\/\",\"name\":\"BioMarin Live Unlimited PT-PT\",\"description\":\"\",\"potentialAction\":[{\"@type\":\"SearchAction\",\"target\":{\"@type\":\"EntryPoint\",\"urlTemplate\":\"https:\/\/pku.biomarin.com\/pt-pt\/liveunlimited\/?s={search_term_string}\"},\"query-input\":{\"@type\":\"PropertyValueSpecification\",\"valueRequired\":true,\"valueName\":\"search_term_string\"}}],\"inLanguage\":\"pt-PT\"}]}<\/script>\n<!-- \/ Yoast SEO plugin. -->","yoast_head_json":{"title":"Apoio ao doente | Live Unlimited PKU","description":"Esta campanha foi fundida e desenvolvida pela BioMarin em colabora\u00e7\u00e3o com seis grupos de doentes e os seus doentes membros.","robots":{"index":"index","follow":"follow","max-snippet":"max-snippet:-1","max-image-preview":"max-image-preview:large","max-video-preview":"max-video-preview:-1"},"canonical":"https:\/\/pku.biomarin.com\/pt-pt\/liveunlimited\/apoio-ao-doente\/","og_locale":"pt_PT","og_type":"article","og_title":"Apoio ao doente | Live Unlimited PKU","og_description":"Esta campanha foi fundida e desenvolvida pela BioMarin em colabora\u00e7\u00e3o com seis grupos de doentes e os seus doentes membros.","og_url":"https:\/\/pku.biomarin.com\/pt-pt\/liveunlimited\/apoio-ao-doente\/","og_site_name":"BioMarin Live Unlimited PT-PT","article_modified_time":"2025-02-18T17:44:41+00:00","twitter_card":"summary_large_image","schema":{"@context":"https:\/\/schema.org","@graph":[{"@type":"WebPage","@id":"https:\/\/pku.biomarin.com\/pt-pt\/liveunlimited\/apoio-ao-doente\/","url":"https:\/\/pku.biomarin.com\/pt-pt\/liveunlimited\/apoio-ao-doente\/","name":"Apoio ao doente | Live Unlimited PKU","isPartOf":{"@id":"https:\/\/pku.biomarin.com\/pt-pt\/liveunlimited\/#website"},"datePublished":"2023-11-06T10:46:44+00:00","dateModified":"2025-02-18T17:44:41+00:00","description":"Esta campanha foi fundida e desenvolvida pela BioMarin em colabora\u00e7\u00e3o com seis grupos de doentes e os seus doentes membros.","breadcrumb":{"@id":"https:\/\/pku.biomarin.com\/pt-pt\/liveunlimited\/apoio-ao-doente\/#breadcrumb"},"inLanguage":"pt-PT","potentialAction":[{"@type":"ReadAction","target":["https:\/\/pku.biomarin.com\/pt-pt\/liveunlimited\/apoio-ao-doente\/"]}]},{"@type":"BreadcrumbList","@id":"https:\/\/pku.biomarin.com\/pt-pt\/liveunlimited\/apoio-ao-doente\/#breadcrumb","itemListElement":[{"@type":"ListItem","position":1,"name":"Home","item":"https:\/\/pku.biomarin.com\/pt-pt\/liveunlimited\/"},{"@type":"ListItem","position":2,"name":"Apoio ao doente"}]},{"@type":"WebSite","@id":"https:\/\/pku.biomarin.com\/pt-pt\/liveunlimited\/#website","url":"https:\/\/pku.biomarin.com\/pt-pt\/liveunlimited\/","name":"BioMarin Live Unlimited PT-PT","description":"","potentialAction":[{"@type":"SearchAction","target":{"@type":"EntryPoint","urlTemplate":"https:\/\/pku.biomarin.com\/pt-pt\/liveunlimited\/?s={search_term_string}"},"query-input":{"@type":"PropertyValueSpecification","valueRequired":true,"valueName":"search_term_string"}}],"inLanguage":"pt-PT"}]}},"_links":{"self":[{"href":"https:\/\/pku.biomarin.com\/pt-pt\/liveunlimited\/wp-json\/wp\/v2\/pages\/59","targetHints":{"allow":["GET"]}}],"collection":[{"href":"https:\/\/pku.biomarin.com\/pt-pt\/liveunlimited\/wp-json\/wp\/v2\/pages"}],"about":[{"href":"https:\/\/pku.biomarin.com\/pt-pt\/liveunlimited\/wp-json\/wp\/v2\/types\/page"}],"author":[{"embeddable":true,"href":"https:\/\/pku.biomarin.com\/pt-pt\/liveunlimited\/wp-json\/wp\/v2\/users\/2"}],"replies":[{"embeddable":true,"href":"https:\/\/pku.biomarin.com\/pt-pt\/liveunlimited\/wp-json\/wp\/v2\/comments?post=59"}],"version-history":[{"count":68,"href":"https:\/\/pku.biomarin.com\/pt-pt\/liveunlimited\/wp-json\/wp\/v2\/pages\/59\/revisions"}],"predecessor-version":[{"id":1597,"href":"https:\/\/pku.biomarin.com\/pt-pt\/liveunlimited\/wp-json\/wp\/v2\/pages\/59\/revisions\/1597"}],"wp:attachment":[{"href":"https:\/\/pku.biomarin.com\/pt-pt\/liveunlimited\/wp-json\/wp\/v2\/media?parent=59"}],"curies":[{"name":"wp","href":"https:\/\/api.w.org\/{rel}","templated":true}]}}