{"id":532,"date":"2023-11-08T22:52:58","date_gmt":"2023-11-08T22:52:58","guid":{"rendered":"https:\/\/liveunlimitedpku-dev-001.azurewebsites.net\/it-it\/?page_id=532"},"modified":"2024-12-17T16:17:22","modified_gmt":"2024-12-17T16:17:22","slug":"raquel","status":"publish","type":"page","link":"https:\/\/pku.biomarin.com\/it-it\/liveunlimited\/raquel\/","title":{"rendered":"Raquel"},"content":{"rendered":"<div id=\"acf-block-65520490af7c6\" class=\"hero hero-no-overlay hero-large-first-para\">\n            <div class=\"hero-background-image hero-background-image-desktop\" style=\"background-image: url(https:\/\/pku.biomarin.com\/it-it\/liveunlimited\/wp-content\/uploads\/sites\/11\/2023\/11\/raquel-header.jpg?v=0.74);\"><\/div>\n\t    <div class=\"hero-background-image hero-background-image-mobile\" style=\"background-image: url(https:\/\/pku.biomarin.com\/it-it\/liveunlimited\/wp-content\/uploads\/sites\/11\/2023\/11\/raquel-header.jpg?v=0.74);\"><\/div>\n    \t<div class=\"overlay\"><\/div>\n\t<div class=\"wrapper\">\n\t\t<div class=\"inner-wrapper\">\n\t\t\t<div class=\"hero-content\">\n\t\t\t    \t\t\t\t    <span class=\"section-title\"> La vita \u00e8 pi\u00f9 semplice quando si hanno le giuste soluzioni<\/span>\n\t\t\t\t\t\t\t\t\t\t\t\t\t\t\t\t    <h1>RAQUEL\n<\/h1>\n\t\t\t\t\t\t\t\t\t\t\t\t    <p>Spagna<\/p>\n<p>Raquel ha una personalit\u00e0 vivace. \u00c8 difficile non sorridere ed essere positivi accanto a lei. Pur avendo dovuto navigare nell\u2019ambiente medico spagnolo spesso difficile, in qualit\u00e0 di paziente affetta da una malattia rara, Raquel \u00e8 grata per l\u2019assistenza che ha ricevuto dal suo medico curante e del rapporto che ha con lui. Rimane per\u00f2 fermamente convinta che siano necessari pi\u00f9 strumenti per sostenere gli adulti con PKU.<\/p>\n\t\t\t\t\t\t\t\t\n                <p class=\"inline-buttons\">\n                                                        <\/p>\n\t\t\t\t\t\t\t<\/div>\n\t\t<\/div>\n\t<\/div>\n<\/div>\n\n\n<div id=\"acf-block-6552051332140\" class=\"block next-previous block-tight-top\">\n    <div class=\"wrapper\">\n\t\t<div class=\"inner-wrapper\">\n            <div class=\"link link-prev\">\n                                    <p><a class=\"button button-text button-arrow button-arrow-left\" href=\"https:\/\/pku.biomarin.com\/it-it\/liveunlimited\/video-storie\/\" target=\"_self\">Torna a tutte le video-storie<\/a><\/p>\n                            <\/div>\n            <div class=\"link link-next\">\n                            <\/div>\n\t\t<\/div>\n\t<\/div>\n<\/div>\n\n<div id=\"acf-block-655206d94332a\" class=\"block wrapped-content\">\n    <div class=\"wrapper\">\n        <div class=\"inner-wrapper\">\n                \n<div id=\"acf-block-655206d943470\" class=\"block-wysiwyg\">\n            <h2>Come la maggior parte dei pazienti con fenilchetonuria, Raquel \u00e8 stata seguita da un pediatra fino ai vent\u2019anni inoltrati.<\/h2>\n<p><strong>\u201cIn Galizia, siamo fortunati perch\u00e9 abbiamo una grande \u00e9quipe\u201d,<\/strong> afferma Raquel. <strong>\u201cMa quando sono passata dall\u2019unit\u00e0 pediatrica a quella per l\u2019et\u00e0 adulta avevo 27 anni, perch\u00e9 non ci sono abbastanza pazienti per giustificare l\u2019esistenza di un\u2019unit\u00e0 di cura per i pazienti adulti. Non \u00e8 facile vivere con una malattia metabolica rara come la PKU, perch\u00e9 medici e operatori sanitari non hanno esperienza o informazioni sul trattamento della malattia. Il mio medico mi chiamava \u2018la rarit\u00e0\u2019 perch\u00e9 la sua sola esperienza con questa malattia consisteva nelle nozioni apprese alla facolt\u00e0 di medicina. Se questa \u00e8 una malattia rara per un medico, come pu\u00f2 comprenderla chi non ha mai studiato medicina?\u201d<\/strong><\/p>\n<p>Oggi Raquel, che ha 32 anni, non lascia che la sua malattia le impedisca di vivere pienamente la sua vita. I suoi genitori, suo marito e i suoi amici sono la sua rete di sostegno. Insieme ai suoi hobby, loro costituiscono il suo \u2018sistema di allarme\u2019, come lei li chiama, per quando i livelli di fenilalanina nel sangue sono pi\u00f9 alti del normale e i sintomi cominciano a manifestarsi.<\/p>\n<p><strong>\u201cIo faccio pattinaggio a rotelle e questo mi aiuta a controllare i miei livelli. So che c\u2019\u00e8 un problema quando impiego troppo tempo per imparare qualcosa di nuovo o provare una tecnica che gi\u00e0 conosco. Anche mia mamma funge da sistema di allarme per la mia PKU. Quando mi vede di cattivo umore, mi chiede sempre come sono i miei livelli di fenilalanina e lo stesso fa mio marito. Lui sta sempre attento a quante proteine assumo, cosa mangio quando esco e come mi sento\u201d.<\/strong><\/p>\n<p>Quanto ai sintomi della PKU, Raquel ritiene che sia la difficolt\u00e0 a concentrarsi ad avere avuto l\u2019impatto maggiore sulla sua vita.<strong> \u201cTi toglie tutto. Non sei pi\u00f9 la stessa. Cambiano anche l\u2019umore e l\u2019irritabilit\u00e0, persino il tuo odore \u00e8 diverso. Io partecipavo a gare di pattinaggio a livello nazionale e internazionale, nelle quali \u00e8 necessaria concentrazione per coordinarsi con la propria squadra. Per questo devi stare sempre in allerta. Devi conoscerti, sapere quando stai perdendo il controllo ed \u00e8 necessario controllare i tuoi livelli\u201d.<\/strong><\/p>\n    <\/div>\n        <\/div>\n    <\/div>\n<\/div>\n\n<div id=\"acf-block-655206d94409a\" class=\"block split-content equal-bias content-reverse bottom-border\" data-muted-autoplay=\"false\">\n\t<div class=\"wrapper\">\n\t\t<div class=\"inner-wrapper\">\n\t\t                                                                <div class=\"content-block first-block\">\n                                                                                                                                                                                                                                                                                    \n                                    \n                                                                                                                \n                                    \n                                    <figure>\n                                        <div class=\"image image-rounded\">\n                                                                                            <img decoding=\"async\" class=\"\" src=\"https:\/\/pku.biomarin.com\/it-it\/liveunlimited\/wp-content\/uploads\/sites\/11\/2023\/11\/Raquel-07555-768x512-1.jpg?v=0.74\" alt=\"Photo of Raquel, arms folded against a white wall.\" \/>                                                                                    <\/div>\n                                                                            <\/figure>\n                                                                                    <\/div>\n                    \n                                            <div class=\"content-block second-block\">\n                                                                                                <h3>Avendo imparato a conoscere le complessit\u00e0 della PKU e i pericoli che pu\u00f2 avere un eccessivo consumo di proteine in giovane et\u00e0, Raquel ha continuato a gestire la sua malattia per tutta la vita.<\/h3>\n<p>Per questo ritiene sia estremamente importante per ogni paziente essere autonomo e conoscere veramente s\u00e9 stesso. Allo stesso modo, vorrebbe vedere pi\u00f9 sostegno da parte del sistema sanitario e in particolare una migliore comunicazione tra gli operatori sanitari.<\/p>\n                                                                                    <\/div>\n                                                \t\t<\/div>\n\t<\/div>\n<\/div>\n\n<div id=\"acf-block-655206d9440f5\" class=\"block wrapped-content\">\n    <div class=\"wrapper\">\n        <div class=\"inner-wrapper\">\n                \n<div id=\"acf-block-655206d94411c\" class=\"block-wysiwyg\">\n            <p><strong>\u201cIn alcune localit\u00e0 come Madrid, esistono due cliniche di riferimento e la maggior parte dei pazienti ha il proprio medico curante che opera nella stessa struttura dello specialista. Sono colleghi, quindi comunicano tra loro. Nel mio caso, ho accesso a una \u00e9quipe e un\u2019unit\u00e0 che gestisce la mia dieta e i risultati dei miei esami del sangue per assicurare che vada tutto bene. Tuttavia il mio medico primario non si trova a Santiago. Se succede qualcosa, non c\u2019\u00e8 un protocollo. Ci sono le informazioni, ma non c\u2019\u00e8 comunicazione\u201d.<\/strong><\/p>\n    <\/div>\n        <\/div>\n    <\/div>\n<\/div>\n\n<div id=\"acf-block-655206d9441ac\" class=\"block split-content equal-bias bottom-border\" data-muted-autoplay=\"false\">\n\t<div class=\"wrapper\">\n\t\t<div class=\"inner-wrapper\">\n\t\t                                                                <div class=\"content-block first-block\">\n                                                                                                                                                                                                                                                <div class=\"video-poster\">\n\t\t\t                            <a class=\"modal-video permitted\" href=\"https:\/\/player.vimeo.com\/video\/1035832196\" style=\"background-image: url(https:\/\/pku.biomarin.com\/it-it\/liveunlimited\/wp-content\/uploads\/sites\/11\/2023\/11\/2023-11-13-11h45m26s007-1500x844.jpg);\">Play<\/a>\n\t\t                            <\/div>\n                                    \n                                                                                                                    \n                                                                                                                \n\t\t                                                                            <\/div>\n                    \n                                            <div class=\"content-block second-block\">\n                                                                                                <h3>Guardando al futuro, Raquel avverte incertezza ma desidera che i pazienti pi\u00f9 giovani imparino dalla sua esperienza.<\/h3>\n<p><em>\u201cPenso che uno degli aspetti che pi\u00f9 preoccupano la maggior parte dei pazienti con fenilchetonuria della mia et\u00e0 \u00e8 cosa accadr\u00e0 in futuro. Io appartengo alla prima generazione diagnosticata alla nascita, per il momento non vi sono informazioni disponibili su un soggetto di 50 anni. Questo mi spaventa, non so cosa aspettarmi. La PKU \u00e8 una malattia molto seria e se non viene affrontata fin dall\u2019inizio pu\u00f2 avere gravi conseguenze. Occorre seguire cure rigorose. Il mio desiderio \u00e8 quello di essere un riferimento per le generazioni pi\u00f9 giovani con la PKU e far s\u00ec che queste possano imparare dalla mia esperienza\u201d.<\/em><\/p>\n                                                                                    <\/div>\n                                                \t\t<\/div>\n\t<\/div>\n<\/div>\n\n<div id=\"acf-block-65520eeedc820\" class=\"block next-previous\">\n    <div class=\"wrapper\">\n\t\t<div class=\"inner-wrapper\">\n            <div class=\"link link-prev\">\n                                    <p><a class=\"button button-text button-arrow button-arrow-left\" href=\"https:\/\/pku.biomarin.com\/it-it\/liveunlimited\/lal\/\" target=\"_self\">Lal<\/a><\/p>\n                            <\/div>\n            <div class=\"link link-next\">\n                            <\/div>\n\t\t<\/div>\n\t<\/div>\n<\/div>","protected":false},"excerpt":{"rendered":"","protected":false},"author":2,"featured_media":0,"parent":0,"menu_order":0,"comment_status":"closed","ping_status":"closed","template":"","meta":{"_acf_changed":false,"inline_featured_image":false,"footnotes":""},"class_list":["post-532","page","type-page","status-publish","hentry"],"acf":[],"yoast_head":"<!-- This site is optimized with the Yoast SEO plugin v27.4 - https:\/\/yoast.com\/product\/yoast-seo-wordpress\/ -->\n<title>Raquel - BioMarin Live Unlimited IT-IT<\/title>\n<meta name=\"description\" content=\"Nell&#039;ambito della campagna Live Unlimited PKU, abbiamo viaggiato in tutta Europa per incontrare adulti affetti da PKU e ascoltare le storie delle loro esperienze. Questa \u00e8 la storia di Raquel.\" \/>\n<meta name=\"robots\" content=\"index, follow, max-snippet:-1, max-image-preview:large, max-video-preview:-1\" \/>\n<link rel=\"canonical\" href=\"https:\/\/pku.biomarin.com\/it-it\/liveunlimited\/raquel\/\" \/>\n<meta property=\"og:locale\" content=\"it_IT\" \/>\n<meta property=\"og:type\" content=\"article\" \/>\n<meta property=\"og:title\" content=\"Raquel - BioMarin Live Unlimited IT-IT\" \/>\n<meta property=\"og:description\" content=\"Nell&#039;ambito della campagna Live Unlimited PKU, abbiamo viaggiato in tutta Europa per incontrare adulti affetti da PKU e ascoltare le storie delle loro esperienze. Questa \u00e8 la storia di Raquel.\" \/>\n<meta property=\"og:url\" content=\"https:\/\/pku.biomarin.com\/it-it\/liveunlimited\/raquel\/\" \/>\n<meta property=\"og:site_name\" content=\"BioMarin Live Unlimited IT-IT\" \/>\n<meta property=\"article:modified_time\" content=\"2024-12-17T16:17:22+00:00\" \/>\n<meta name=\"twitter:card\" content=\"summary_large_image\" \/>\n<script type=\"application\/ld+json\" class=\"yoast-schema-graph\">{\"@context\":\"https:\\\/\\\/schema.org\",\"@graph\":[{\"@type\":\"WebPage\",\"@id\":\"https:\\\/\\\/pku.biomarin.com\\\/it-it\\\/liveunlimited\\\/raquel\\\/\",\"url\":\"https:\\\/\\\/pku.biomarin.com\\\/it-it\\\/liveunlimited\\\/raquel\\\/\",\"name\":\"Raquel - BioMarin Live Unlimited IT-IT\",\"isPartOf\":{\"@id\":\"https:\\\/\\\/pku.biomarin.com\\\/it-it\\\/liveunlimited\\\/#website\"},\"datePublished\":\"2023-11-08T22:52:58+00:00\",\"dateModified\":\"2024-12-17T16:17:22+00:00\",\"description\":\"Nell'ambito della campagna Live Unlimited PKU, abbiamo viaggiato in tutta Europa per incontrare adulti affetti da PKU e ascoltare le storie delle loro esperienze. Questa \u00e8 la storia di Raquel.\",\"breadcrumb\":{\"@id\":\"https:\\\/\\\/pku.biomarin.com\\\/it-it\\\/liveunlimited\\\/raquel\\\/#breadcrumb\"},\"inLanguage\":\"it-IT\",\"potentialAction\":[{\"@type\":\"ReadAction\",\"target\":[\"https:\\\/\\\/pku.biomarin.com\\\/it-it\\\/liveunlimited\\\/raquel\\\/\"]}]},{\"@type\":\"BreadcrumbList\",\"@id\":\"https:\\\/\\\/pku.biomarin.com\\\/it-it\\\/liveunlimited\\\/raquel\\\/#breadcrumb\",\"itemListElement\":[{\"@type\":\"ListItem\",\"position\":1,\"name\":\"Home\",\"item\":\"https:\\\/\\\/pku.biomarin.com\\\/it-it\\\/liveunlimited\\\/\"},{\"@type\":\"ListItem\",\"position\":2,\"name\":\"Raquel\"}]},{\"@type\":\"WebSite\",\"@id\":\"https:\\\/\\\/pku.biomarin.com\\\/it-it\\\/liveunlimited\\\/#website\",\"url\":\"https:\\\/\\\/pku.biomarin.com\\\/it-it\\\/liveunlimited\\\/\",\"name\":\"BioMarin Live Unlimited IT-IT\",\"description\":\"\",\"potentialAction\":[{\"@type\":\"SearchAction\",\"target\":{\"@type\":\"EntryPoint\",\"urlTemplate\":\"https:\\\/\\\/pku.biomarin.com\\\/it-it\\\/liveunlimited\\\/?s={search_term_string}\"},\"query-input\":{\"@type\":\"PropertyValueSpecification\",\"valueRequired\":true,\"valueName\":\"search_term_string\"}}],\"inLanguage\":\"it-IT\"}]}<\/script>\n<!-- \/ Yoast SEO plugin. -->","yoast_head_json":{"title":"Raquel - BioMarin Live Unlimited IT-IT","description":"Nell'ambito della campagna Live Unlimited PKU, abbiamo viaggiato in tutta Europa per incontrare adulti affetti da PKU e ascoltare le storie delle loro esperienze. Questa \u00e8 la storia di Raquel.","robots":{"index":"index","follow":"follow","max-snippet":"max-snippet:-1","max-image-preview":"max-image-preview:large","max-video-preview":"max-video-preview:-1"},"canonical":"https:\/\/pku.biomarin.com\/it-it\/liveunlimited\/raquel\/","og_locale":"it_IT","og_type":"article","og_title":"Raquel - BioMarin Live Unlimited IT-IT","og_description":"Nell'ambito della campagna Live Unlimited PKU, abbiamo viaggiato in tutta Europa per incontrare adulti affetti da PKU e ascoltare le storie delle loro esperienze. Questa \u00e8 la storia di Raquel.","og_url":"https:\/\/pku.biomarin.com\/it-it\/liveunlimited\/raquel\/","og_site_name":"BioMarin Live Unlimited IT-IT","article_modified_time":"2024-12-17T16:17:22+00:00","twitter_card":"summary_large_image","schema":{"@context":"https:\/\/schema.org","@graph":[{"@type":"WebPage","@id":"https:\/\/pku.biomarin.com\/it-it\/liveunlimited\/raquel\/","url":"https:\/\/pku.biomarin.com\/it-it\/liveunlimited\/raquel\/","name":"Raquel - BioMarin Live Unlimited IT-IT","isPartOf":{"@id":"https:\/\/pku.biomarin.com\/it-it\/liveunlimited\/#website"},"datePublished":"2023-11-08T22:52:58+00:00","dateModified":"2024-12-17T16:17:22+00:00","description":"Nell'ambito della campagna Live Unlimited PKU, abbiamo viaggiato in tutta Europa per incontrare adulti affetti da PKU e ascoltare le storie delle loro esperienze. Questa \u00e8 la storia di Raquel.","breadcrumb":{"@id":"https:\/\/pku.biomarin.com\/it-it\/liveunlimited\/raquel\/#breadcrumb"},"inLanguage":"it-IT","potentialAction":[{"@type":"ReadAction","target":["https:\/\/pku.biomarin.com\/it-it\/liveunlimited\/raquel\/"]}]},{"@type":"BreadcrumbList","@id":"https:\/\/pku.biomarin.com\/it-it\/liveunlimited\/raquel\/#breadcrumb","itemListElement":[{"@type":"ListItem","position":1,"name":"Home","item":"https:\/\/pku.biomarin.com\/it-it\/liveunlimited\/"},{"@type":"ListItem","position":2,"name":"Raquel"}]},{"@type":"WebSite","@id":"https:\/\/pku.biomarin.com\/it-it\/liveunlimited\/#website","url":"https:\/\/pku.biomarin.com\/it-it\/liveunlimited\/","name":"BioMarin Live Unlimited IT-IT","description":"","potentialAction":[{"@type":"SearchAction","target":{"@type":"EntryPoint","urlTemplate":"https:\/\/pku.biomarin.com\/it-it\/liveunlimited\/?s={search_term_string}"},"query-input":{"@type":"PropertyValueSpecification","valueRequired":true,"valueName":"search_term_string"}}],"inLanguage":"it-IT"}]}},"_links":{"self":[{"href":"https:\/\/pku.biomarin.com\/it-it\/liveunlimited\/wp-json\/wp\/v2\/pages\/532","targetHints":{"allow":["GET"]}}],"collection":[{"href":"https:\/\/pku.biomarin.com\/it-it\/liveunlimited\/wp-json\/wp\/v2\/pages"}],"about":[{"href":"https:\/\/pku.biomarin.com\/it-it\/liveunlimited\/wp-json\/wp\/v2\/types\/page"}],"author":[{"embeddable":true,"href":"https:\/\/pku.biomarin.com\/it-it\/liveunlimited\/wp-json\/wp\/v2\/users\/2"}],"replies":[{"embeddable":true,"href":"https:\/\/pku.biomarin.com\/it-it\/liveunlimited\/wp-json\/wp\/v2\/comments?post=532"}],"version-history":[{"count":48,"href":"https:\/\/pku.biomarin.com\/it-it\/liveunlimited\/wp-json\/wp\/v2\/pages\/532\/revisions"}],"predecessor-version":[{"id":1681,"href":"https:\/\/pku.biomarin.com\/it-it\/liveunlimited\/wp-json\/wp\/v2\/pages\/532\/revisions\/1681"}],"wp:attachment":[{"href":"https:\/\/pku.biomarin.com\/it-it\/liveunlimited\/wp-json\/wp\/v2\/media?parent=532"}],"curies":[{"name":"wp","href":"https:\/\/api.w.org\/{rel}","templated":true}]}}