{"id":540,"date":"2023-11-08T22:54:57","date_gmt":"2023-11-08T22:54:57","guid":{"rendered":"https:\/\/liveunlimitedpku-dev-001.azurewebsites.net\/hu-hu\/?page_id=540"},"modified":"2025-01-28T15:07:00","modified_gmt":"2025-01-28T15:07:00","slug":"lal","status":"publish","type":"page","link":"https:\/\/pku.biomarin.com\/hu-hu\/liveunlimited\/lal\/","title":{"rendered":"Lal"},"content":{"rendered":"<div id=\"acf-block-65524130b7069\" class=\"hero hero-no-overlay hero-large-first-para\">\n            <div class=\"hero-background-image hero-background-image-desktop\" style=\"background-image: url(https:\/\/pku.biomarin.com\/hu-hu\/liveunlimited\/wp-content\/uploads\/sites\/13\/2023\/11\/lal.jpg?v=0.74);\"><\/div>\n\t    <div class=\"hero-background-image hero-background-image-mobile\" style=\"background-image: url(https:\/\/pku.biomarin.com\/hu-hu\/liveunlimited\/wp-content\/uploads\/sites\/13\/2023\/11\/lal.jpg?v=0.74);\"><\/div>\n    \t<div class=\"overlay\"><\/div>\n\t<div class=\"wrapper\">\n\t\t<div class=\"inner-wrapper\">\n\t\t\t<div class=\"hero-content\">\n\t\t\t    \t\t\t\t    <span class=\"section-title\"> Az \u00e9let bonyolult, ha nincsenek meg a sz\u00fcks\u00e9ges eszk\u00f6z\u00f6k<\/span>\n\t\t\t\t\t\t\t\t\t\t\t\t\t\t\t\t    <h1>LAL\n\n<\/h1>\n\t\t\t\t\t\t\t\t\t\t\t\t    <p>T\u00f6r\u00f6korsz\u00e1g<\/p>\n<p>PKU-val Isztambulban felnevelkedni \u00e1ltal\u00e1noss\u00e1gban \u201eszerencs\u00e9s\u201d mondja Lal. B\u00e1r v\u00e1ltoz\u00f3 \u00e9s vibr\u00e1l\u00f3, mint egy \u2019hatalmas vil\u00e1g egy kisv\u00e1rosban\u2019 a PKU betegek sz\u00e1m\u00e1ra nagyon sok lehet\u0151s\u00e9g k\u00edn\u00e1lkozik m\u00e1s betegekkel kapcsolatba ker\u00fclni, \u00e9s orvosi seg\u00edts\u00e9get kapni.<\/p>\n\t\t\t\t\t\t\t\t\n                <p class=\"inline-buttons\">\n                                                        <\/p>\n\t\t\t\t\t\t\t<\/div>\n\t\t<\/div>\n\t<\/div>\n<\/div>\n\n\n<div id=\"acf-block-65524130b73b5\" class=\"block next-previous block-tight-top\">\n    <div class=\"wrapper\">\n\t\t<div class=\"inner-wrapper\">\n            <div class=\"link link-prev\">\n                                    <p><a class=\"button button-text button-arrow button-arrow-left\" href=\"https:\/\/pku.biomarin.com\/hu-hu\/liveunlimited\/video-tortenetek\/\" target=\"_self\">Vissza az \u00f6sszes video t\u00f6rt\u00e9nethez<\/a><\/p>\n                            <\/div>\n            <div class=\"link link-next\">\n                            <\/div>\n\t\t<\/div>\n\t<\/div>\n<\/div>\n\n<div id=\"acf-block-65524130b758a\" class=\"block wrapped-content\">\n    <div class=\"wrapper\">\n        <div class=\"inner-wrapper\">\n                \n<div id=\"acf-block-65524130b7727\" class=\"block-wysiwyg\">\n            <h2>Azonban sok beteg T\u00f6r\u00f6korsz\u00e1g szerte nem ilyen szerencs\u00e9s.<\/h2>\n<p><strong>\u201eT\u00f6r\u00f6korsz\u00e1g lakoss\u00e1g\u00e1nak t\u00f6bbs\u00e9ge az orsz\u00e1g keleti r\u00e9sz\u00e9ben \u00e9l\u201d mondja Lal. [Az itt \u00e9l\u0151 PKU betegek sz\u00e1m\u00e1ra] nem \u00e1ll rendelkez\u00e9sre kell\u0151 mennyis\u00e9g\u0171 p\u00e9nz\u00fcgyi t\u00e1mogat\u00e1s, \u00e9s az eg\u00e9szs\u00e9g\u00fcgyi szolg\u00e1ltat\u00e1s sem elegend\u0151.\u201d<\/strong><\/p>\n<p>Hab\u00e1r a t\u00e1mogat\u00e1s megvan, mikor a PKU-s csecsem\u0151k megsz\u00fcletnek, sok beteg kiesik az ell\u00e1t\u00e1sb\u00f3l \u00e9lete k\u00e9s\u0151bbi szakasz\u00e1ban, \u00e9s orvosaik \u00e1ltal\u00e1ban nem k\u00f6vetik sorsukat \u2013 magyar\u00e1zza Lal.<\/p>\n<p><strong>\u201cT\u00f6r\u00f6korsz\u00e1gban mintegy 10000 PKU-val \u00e9l\u0151 szem\u00e9ly van, de csak 50 anyagcsere szakorvos jut r\u00e1juk\u201d mondja Lal. \u201eNagy probl\u00e9ma ez: nincs el\u00e9g orvos, sem anyagcsereprobl\u00e9m\u00e1kra szakosodott gy\u00f3gy\u00e1szati k\u00f6zpont.\u201d<\/strong><\/p>\n<p>Lal szigor\u00fa \u00e9trenddel tartja k\u00e9zben a PKU-j\u00e1t, amiben \u00e9desanyja, Deniz seg\u00edtett neki eddigi \u00e9lete sor\u00e1n.<\/p>\n<p><strong>\u201cAz els\u0151 eml\u00e9kem a PKU-val kapcsolatban 4 vagy 5 \u00e9ves koromra ny\u00falik vissza, mikor sz\u00fcleimmel szabads\u00e1gon voltunk. Vacsor\u00e1ztunk, \u00e9s valaki rizst rendelt nekem. Valahogy megtudtuk, hogy a rizsben h\u00fas m\u00e1rt\u00e1s volt, de akkor m\u00e1r k\u00e9s\u0151 volt. eml\u00e9kszem, hogy any\u00e1m igazi p\u00e1nikba esett. Riadtan sikoltozott.\u201d<\/strong><\/p>\n<p>&nbsp;<\/p>\n    <\/div>\n        <\/div>\n    <\/div>\n<\/div>\n\n<div id=\"acf-block-65524130b8316\" class=\"block split-content equal-bias bottom-border\" data-muted-autoplay=\"false\">\n\t<div class=\"wrapper\">\n\t\t<div class=\"inner-wrapper\">\n\t\t                                                                <div class=\"content-block first-block\">\n                                                                                                <h3>&#8222;A betegsz\u00f6vets\u00e9g\u00fcnk ny\u00e1ri t\u00e1borokat szervezett m\u00e1s betegekkel, de \u00e9n nem akartam elmenni, mert r\u00e1m rossz hat\u00e1ssal voltak.&#8221;<\/h3>\n<p><em>\u201cA betegek negat\u00edv m\u00f3don viselkedtek, ut\u00e1lt\u00e1k az \u00e9trendj\u00fcket, m\u00e9g magukat is ut\u00e1lt\u00e1k. Odaj\u00f6ttek hozz\u00e1m, \u00e9s megk\u00e9rdezt\u00e9k \u201eVan egy csokim, megk\u00f3stolod?\u201d Nem tartj\u00e1k be az \u00e9trendj\u00fcket, \u00e9s m\u00e9g csak nem is \u00e9rdekli \u0151ket.\u201d<\/em><\/p>\n<p><em>\u201cMeg\u00e9rtem persze, hogy olyan dolgokat szeretn\u00e9nek enni, amit tilos; azt viszont m\u00e1r nem \u00e9rtem, hogy felejtkezhetnek el a feh\u00e9rjefogyaszt\u00e1s ment\u00e1lis hat\u00e1sair\u00f3l; tal\u00e1n csak az\u00e9rt akarnak m\u00e1st is enni, hogy a bar\u00e1taik elfogadj\u00e1k \u0151ket, vagy csak egyszer elmenni egy koncertre, \u00e9s ber\u00fagni.\u201d<\/em><\/p>\n                                                                                    <\/div>\n                    \n                                            <div class=\"content-block second-block\">\n                                                                                                                                                                                                                                                                                    \n                                    \n                                                                                                                \n                                    \n                                    <figure>\n                                        <div class=\"image image-rounded\">\n                                                                                            <img decoding=\"async\" class=\"\" src=\"https:\/\/pku.biomarin.com\/hu-hu\/liveunlimited\/wp-content\/uploads\/sites\/13\/2023\/11\/Lal-002-768x512-1.jpg?v=0.74\" alt=\"\" \/>                                                                                    <\/div>\n                                                                            <\/figure>\n                                                                                    <\/div>\n                                                \t\t<\/div>\n\t<\/div>\n<\/div>\n\n<div id=\"acf-block-65524130b836a\" class=\"block wrapped-content\">\n    <div class=\"wrapper\">\n        <div class=\"inner-wrapper\">\n                \n<div id=\"acf-block-65524130b8396\" class=\"block-wysiwyg\">\n            <p>B\u00e1r Lal sok t\u00e1mogat\u00e1st kap a bar\u00e1tait\u00f3l, csal\u00e1dtagjait\u00f3l, orvosait\u00f3l \u00e9s a PKU betegek h\u00e1l\u00f3zat\u00e1t\u00f3l, el\u0151fordul, hogy m\u00e9gis leter\u00edti \u0151t a betegs\u00e9g, f\u0151leg, ha a PHE szintje magas.<\/p>\n<p><strong>\u201cMindig voltak figyelem probl\u00e9m\u00e1im; f\u00e1radtnak \u00e9reztem magam, \u00e9s nem volt er\u0151m semmihez. Voltak pillanatok, mikor sz\u00f6rny\u0171 haragos voltam. Mikor a PHE szint magas, fesz\u00fcltt\u00e9 v\u00e1lsz, \u00e9s igaz\u00e1n d\u00fch\u00f6s leszel. Ett\u0151l pedig megv\u00e1ltoznak az \u00e9rz\u00e9seid \u00e9s a koncentr\u00e1ci\u00f3d.\u201d<\/strong><\/p>\n<p><strong>Lal azonban tudja, hogy a PKU \u00e1tfog\u00f3an er\u0151sebb\u00e9 tette. \u201cAz er\u0151t, amit ma \u00e9rzek a PKU-t\u00f3l kaptam, mert sz\u00fclet\u00e9semkor megtanultam, hogyan k\u00fczdjek le egy kih\u00edv\u00e1st. Megtanultam, hogyan szeressem magam, hogyan fogadjam el magam, \u00e9s hogyan viseljem gondj\u00e1t magamnak.\u201d<\/strong><\/p>\n<p>Ez sehol sem igazabb, mint a t\u00e1ncst\u00fadi\u00f3ban, ahova Lal j\u00e1r. Mikor a sz\u00ednh\u00e1zr\u00f3l \u00e9s a t\u00e1ncr\u00f3l besz\u00e9l, arca felragyog.<\/p>\n    <\/div>\n        <\/div>\n    <\/div>\n<\/div>\n\n<div id=\"acf-block-65524130b8423\" class=\"block split-content equal-bias bottom-border\" data-muted-autoplay=\"false\">\n\t<div class=\"wrapper\">\n\t\t<div class=\"inner-wrapper\">\n\t\t                                                                <div class=\"content-block first-block\">\n                                                                                                                                                                                                                                                <div class=\"video-poster\">\n\t\t\t                            <a class=\"modal-video permitted\" href=\"https:\/\/player.vimeo.com\/video\/1050872208\" style=\"background-image: url(https:\/\/pku.biomarin.com\/hu-hu\/liveunlimited\/wp-content\/uploads\/sites\/13\/2023\/11\/2023-11-13-22h58m37s985-1500x844.png);\">Play<\/a>\n\t\t                            <\/div>\n                                    \n                                                                                                                    \n                                                                                                                \n\t\t                                                                            <\/div>\n                    \n                                            <div class=\"content-block second-block\">\n                                                                                                <h3>\u201cA sz\u00ednh\u00e1z \u00e9s a sz\u00ednpad mindig az \u00e9letem r\u00e9sze lesz, mert t\u00e9nyleg \u00e9rt\u00e9kes pillanat, mikor egy r\u00e9szemet \u00e1tadom a k\u00f6z\u00f6ns\u00e9gnek. A t\u00e1nc sz\u00e1momra valami m\u00e1s \u2013 seg\u00edt a hat\u00e1raimat feszegetnem.<\/h3>\n<p><strong>&lt; Lal t\u00f6rt\u00e9nete<\/strong><\/p>\n                                                                                    <\/div>\n                                                \t\t<\/div>\n\t<\/div>\n<\/div>\n\n<div id=\"acf-block-655241b39dd72\" class=\"block next-previous\">\n    <div class=\"wrapper\">\n\t\t<div class=\"inner-wrapper\">\n            <div class=\"link link-prev\">\n                                    <p><a class=\"button button-text button-arrow button-arrow-left\" href=\"https:\/\/pku.biomarin.com\/hu-hu\/liveunlimited\/video-tortenetek\/\" target=\"_self\">Vissza az \u00f6sszes video t\u00f6rt\u00e9nethez<\/a><\/p>\n                            <\/div>\n            <div class=\"link link-next\">\n                                    <p><a class=\"button button-text button-arrow\" href=\"https:\/\/pku.biomarin.com\/hu-hu\/liveunlimited\/eva\/\" target=\"_self\">Eva t\u00f6rt\u00e9nete<\/a><\/p>\n                            <\/div>\n\t\t<\/div>\n\t<\/div>\n<\/div>","protected":false},"excerpt":{"rendered":"","protected":false},"author":2,"featured_media":0,"parent":0,"menu_order":0,"comment_status":"closed","ping_status":"closed","template":"","meta":{"_acf_changed":false,"inline_featured_image":false,"footnotes":""},"class_list":["post-540","page","type-page","status-publish","hentry"],"acf":[],"yoast_head":"<!-- This site is optimized with the Yoast SEO plugin v27.1.1 - https:\/\/yoast.com\/product\/yoast-seo-wordpress\/ -->\n<title>Lal - BioMarin Live Unlimited HU-HU<\/title>\n<meta name=\"description\" content=\"Az \u00c9ld az \u00e9leted kamp\u00e1ny r\u00e9szek\u00e9nt Eur\u00f3pa sz\u00e1mos pontj\u00e1ra utaztunk, hogy tal\u00e1lkozzunk a PKU-val \u00e9l\u0151 feln\u0151ttekkel, \u00e9s hallgassuk meg t\u00f6rt\u00e9neteiket, kih\u00edv\u00e1saikat \u00e9s azt, hogy milyen int\u00e9zked\u00e9seket rem\u00e9ln\u00e9nek az ell\u00e1t\u00e1s jav\u00edt\u00e1sa \u00e9rdek\u00e9ben. Ez Lal t\u00f6rt\u00e9nete.\" \/>\n<meta name=\"robots\" content=\"index, follow, max-snippet:-1, max-image-preview:large, max-video-preview:-1\" \/>\n<link rel=\"canonical\" href=\"https:\/\/pku.biomarin.com\/hu-hu\/liveunlimited\/lal\/\" \/>\n<meta property=\"og:locale\" content=\"hu_HU\" \/>\n<meta property=\"og:type\" content=\"article\" \/>\n<meta property=\"og:title\" content=\"Lal - BioMarin Live Unlimited HU-HU\" \/>\n<meta property=\"og:description\" content=\"Az \u00c9ld az \u00e9leted kamp\u00e1ny r\u00e9szek\u00e9nt Eur\u00f3pa sz\u00e1mos pontj\u00e1ra utaztunk, hogy tal\u00e1lkozzunk a PKU-val \u00e9l\u0151 feln\u0151ttekkel, \u00e9s hallgassuk meg t\u00f6rt\u00e9neteiket, kih\u00edv\u00e1saikat \u00e9s azt, hogy milyen int\u00e9zked\u00e9seket rem\u00e9ln\u00e9nek az ell\u00e1t\u00e1s jav\u00edt\u00e1sa \u00e9rdek\u00e9ben. Ez Lal t\u00f6rt\u00e9nete.\" \/>\n<meta property=\"og:url\" content=\"https:\/\/pku.biomarin.com\/hu-hu\/liveunlimited\/lal\/\" \/>\n<meta property=\"og:site_name\" content=\"BioMarin Live Unlimited HU-HU\" \/>\n<meta property=\"article:modified_time\" content=\"2025-01-28T15:07:00+00:00\" \/>\n<meta name=\"twitter:card\" content=\"summary_large_image\" \/>\n<script type=\"application\/ld+json\" class=\"yoast-schema-graph\">{\"@context\":\"https:\/\/schema.org\",\"@graph\":[{\"@type\":\"WebPage\",\"@id\":\"https:\/\/pku.biomarin.com\/hu-hu\/liveunlimited\/lal\/\",\"url\":\"https:\/\/pku.biomarin.com\/hu-hu\/liveunlimited\/lal\/\",\"name\":\"Lal - BioMarin Live Unlimited HU-HU\",\"isPartOf\":{\"@id\":\"https:\/\/pku.biomarin.com\/hu-hu\/liveunlimited\/#website\"},\"datePublished\":\"2023-11-08T22:54:57+00:00\",\"dateModified\":\"2025-01-28T15:07:00+00:00\",\"description\":\"Az \u00c9ld az \u00e9leted kamp\u00e1ny r\u00e9szek\u00e9nt Eur\u00f3pa sz\u00e1mos pontj\u00e1ra utaztunk, hogy tal\u00e1lkozzunk a PKU-val \u00e9l\u0151 feln\u0151ttekkel, \u00e9s hallgassuk meg t\u00f6rt\u00e9neteiket, kih\u00edv\u00e1saikat \u00e9s azt, hogy milyen int\u00e9zked\u00e9seket rem\u00e9ln\u00e9nek az ell\u00e1t\u00e1s jav\u00edt\u00e1sa \u00e9rdek\u00e9ben. Ez Lal t\u00f6rt\u00e9nete.\",\"breadcrumb\":{\"@id\":\"https:\/\/pku.biomarin.com\/hu-hu\/liveunlimited\/lal\/#breadcrumb\"},\"inLanguage\":\"hu\",\"potentialAction\":[{\"@type\":\"ReadAction\",\"target\":[\"https:\/\/pku.biomarin.com\/hu-hu\/liveunlimited\/lal\/\"]}]},{\"@type\":\"BreadcrumbList\",\"@id\":\"https:\/\/pku.biomarin.com\/hu-hu\/liveunlimited\/lal\/#breadcrumb\",\"itemListElement\":[{\"@type\":\"ListItem\",\"position\":1,\"name\":\"Home\",\"item\":\"https:\/\/pku.biomarin.com\/hu-hu\/liveunlimited\/\"},{\"@type\":\"ListItem\",\"position\":2,\"name\":\"Lal\"}]},{\"@type\":\"WebSite\",\"@id\":\"https:\/\/pku.biomarin.com\/hu-hu\/liveunlimited\/#website\",\"url\":\"https:\/\/pku.biomarin.com\/hu-hu\/liveunlimited\/\",\"name\":\"BioMarin Live Unlimited HU-HU\",\"description\":\"\",\"potentialAction\":[{\"@type\":\"SearchAction\",\"target\":{\"@type\":\"EntryPoint\",\"urlTemplate\":\"https:\/\/pku.biomarin.com\/hu-hu\/liveunlimited\/?s={search_term_string}\"},\"query-input\":{\"@type\":\"PropertyValueSpecification\",\"valueRequired\":true,\"valueName\":\"search_term_string\"}}],\"inLanguage\":\"hu\"}]}<\/script>\n<!-- \/ Yoast SEO plugin. -->","yoast_head_json":{"title":"Lal - BioMarin Live Unlimited HU-HU","description":"Az \u00c9ld az \u00e9leted kamp\u00e1ny r\u00e9szek\u00e9nt Eur\u00f3pa sz\u00e1mos pontj\u00e1ra utaztunk, hogy tal\u00e1lkozzunk a PKU-val \u00e9l\u0151 feln\u0151ttekkel, \u00e9s hallgassuk meg t\u00f6rt\u00e9neteiket, kih\u00edv\u00e1saikat \u00e9s azt, hogy milyen int\u00e9zked\u00e9seket rem\u00e9ln\u00e9nek az ell\u00e1t\u00e1s jav\u00edt\u00e1sa \u00e9rdek\u00e9ben. Ez Lal t\u00f6rt\u00e9nete.","robots":{"index":"index","follow":"follow","max-snippet":"max-snippet:-1","max-image-preview":"max-image-preview:large","max-video-preview":"max-video-preview:-1"},"canonical":"https:\/\/pku.biomarin.com\/hu-hu\/liveunlimited\/lal\/","og_locale":"hu_HU","og_type":"article","og_title":"Lal - BioMarin Live Unlimited HU-HU","og_description":"Az \u00c9ld az \u00e9leted kamp\u00e1ny r\u00e9szek\u00e9nt Eur\u00f3pa sz\u00e1mos pontj\u00e1ra utaztunk, hogy tal\u00e1lkozzunk a PKU-val \u00e9l\u0151 feln\u0151ttekkel, \u00e9s hallgassuk meg t\u00f6rt\u00e9neteiket, kih\u00edv\u00e1saikat \u00e9s azt, hogy milyen int\u00e9zked\u00e9seket rem\u00e9ln\u00e9nek az ell\u00e1t\u00e1s jav\u00edt\u00e1sa \u00e9rdek\u00e9ben. Ez Lal t\u00f6rt\u00e9nete.","og_url":"https:\/\/pku.biomarin.com\/hu-hu\/liveunlimited\/lal\/","og_site_name":"BioMarin Live Unlimited HU-HU","article_modified_time":"2025-01-28T15:07:00+00:00","twitter_card":"summary_large_image","schema":{"@context":"https:\/\/schema.org","@graph":[{"@type":"WebPage","@id":"https:\/\/pku.biomarin.com\/hu-hu\/liveunlimited\/lal\/","url":"https:\/\/pku.biomarin.com\/hu-hu\/liveunlimited\/lal\/","name":"Lal - BioMarin Live Unlimited HU-HU","isPartOf":{"@id":"https:\/\/pku.biomarin.com\/hu-hu\/liveunlimited\/#website"},"datePublished":"2023-11-08T22:54:57+00:00","dateModified":"2025-01-28T15:07:00+00:00","description":"Az \u00c9ld az \u00e9leted kamp\u00e1ny r\u00e9szek\u00e9nt Eur\u00f3pa sz\u00e1mos pontj\u00e1ra utaztunk, hogy tal\u00e1lkozzunk a PKU-val \u00e9l\u0151 feln\u0151ttekkel, \u00e9s hallgassuk meg t\u00f6rt\u00e9neteiket, kih\u00edv\u00e1saikat \u00e9s azt, hogy milyen int\u00e9zked\u00e9seket rem\u00e9ln\u00e9nek az ell\u00e1t\u00e1s jav\u00edt\u00e1sa \u00e9rdek\u00e9ben. Ez Lal t\u00f6rt\u00e9nete.","breadcrumb":{"@id":"https:\/\/pku.biomarin.com\/hu-hu\/liveunlimited\/lal\/#breadcrumb"},"inLanguage":"hu","potentialAction":[{"@type":"ReadAction","target":["https:\/\/pku.biomarin.com\/hu-hu\/liveunlimited\/lal\/"]}]},{"@type":"BreadcrumbList","@id":"https:\/\/pku.biomarin.com\/hu-hu\/liveunlimited\/lal\/#breadcrumb","itemListElement":[{"@type":"ListItem","position":1,"name":"Home","item":"https:\/\/pku.biomarin.com\/hu-hu\/liveunlimited\/"},{"@type":"ListItem","position":2,"name":"Lal"}]},{"@type":"WebSite","@id":"https:\/\/pku.biomarin.com\/hu-hu\/liveunlimited\/#website","url":"https:\/\/pku.biomarin.com\/hu-hu\/liveunlimited\/","name":"BioMarin Live Unlimited HU-HU","description":"","potentialAction":[{"@type":"SearchAction","target":{"@type":"EntryPoint","urlTemplate":"https:\/\/pku.biomarin.com\/hu-hu\/liveunlimited\/?s={search_term_string}"},"query-input":{"@type":"PropertyValueSpecification","valueRequired":true,"valueName":"search_term_string"}}],"inLanguage":"hu"}]}},"_links":{"self":[{"href":"https:\/\/pku.biomarin.com\/hu-hu\/liveunlimited\/wp-json\/wp\/v2\/pages\/540","targetHints":{"allow":["GET"]}}],"collection":[{"href":"https:\/\/pku.biomarin.com\/hu-hu\/liveunlimited\/wp-json\/wp\/v2\/pages"}],"about":[{"href":"https:\/\/pku.biomarin.com\/hu-hu\/liveunlimited\/wp-json\/wp\/v2\/types\/page"}],"author":[{"embeddable":true,"href":"https:\/\/pku.biomarin.com\/hu-hu\/liveunlimited\/wp-json\/wp\/v2\/users\/2"}],"replies":[{"embeddable":true,"href":"https:\/\/pku.biomarin.com\/hu-hu\/liveunlimited\/wp-json\/wp\/v2\/comments?post=540"}],"version-history":[{"count":39,"href":"https:\/\/pku.biomarin.com\/hu-hu\/liveunlimited\/wp-json\/wp\/v2\/pages\/540\/revisions"}],"predecessor-version":[{"id":1495,"href":"https:\/\/pku.biomarin.com\/hu-hu\/liveunlimited\/wp-json\/wp\/v2\/pages\/540\/revisions\/1495"}],"wp:attachment":[{"href":"https:\/\/pku.biomarin.com\/hu-hu\/liveunlimited\/wp-json\/wp\/v2\/media?parent=540"}],"curies":[{"name":"wp","href":"https:\/\/api.w.org\/{rel}","templated":true}]}}