{"id":530,"date":"2023-11-08T22:52:00","date_gmt":"2023-11-08T22:52:00","guid":{"rendered":"https:\/\/liveunlimitedpku-dev-001.azurewebsites.net\/hu-hu\/?page_id=530"},"modified":"2025-01-28T15:07:16","modified_gmt":"2025-01-28T15:07:16","slug":"michelle","status":"publish","type":"page","link":"https:\/\/pku.biomarin.com\/hu-hu\/liveunlimited\/michelle\/","title":{"rendered":"Michelle"},"content":{"rendered":"<div id=\"acf-block-654c16e8e323b\" class=\"hero hero-no-overlay hero-large-first-para\">\n            <div class=\"hero-background-image hero-background-image-desktop\" style=\"background-image: url(https:\/\/pku.biomarin.com\/hu-hu\/liveunlimited\/wp-content\/uploads\/sites\/13\/2024\/05\/Michelle-3.jpg?v=0.74);\"><\/div>\n\t    <div class=\"hero-background-image hero-background-image-mobile\" style=\"background-image: url(https:\/\/pku.biomarin.com\/hu-hu\/liveunlimited\/wp-content\/uploads\/sites\/13\/2024\/05\/Michelle-3.jpg?v=0.74);\"><\/div>\n    \t<div class=\"overlay\"><\/div>\n\t<div class=\"wrapper\">\n\t\t<div class=\"inner-wrapper\">\n\t\t\t<div class=\"hero-content\">\n\t\t\t    \t\t\t\t    <span class=\"section-title\">Az \u00e9let bonyolult, ha nincsenek meg a sz\u00fcks\u00e9ges eszk\u00f6z\u00f6k<\/span>\n\t\t\t\t\t\t\t\t\t\t\t\t\t\t\t\t    <h1>MICHELLE\n<\/h1>\n\t\t\t\t\t\t\t\t\t\t\t\t    <p>N\u00e9metorsz\u00e1g<\/p>\n<p>Michelle melegs\u00e9get \u00e9s elt\u00f6k\u00e9lts\u00e9get sug\u00e1roz. T\u00f6rt\u00e9nete az alkalmazkod\u00f3k\u00e9pess\u00e9gr\u0151l sz\u00f3l egy ritka betegs\u00e9g \u00e1rny\u00e9k\u00e1ban, amely rendk\u00edv\u00fcli \u00e9rzelmi, p\u00e9nz\u00fcgyi, fizikai \u00e9s szoci\u00e1lis terhet r\u00f3 r\u00e1 \u00e9s szeretteire.<\/p>\n\t\t\t\t\t\t\t\t\n                <p class=\"inline-buttons\">\n                                                        <\/p>\n\t\t\t\t\t\t\t<\/div>\n\t\t<\/div>\n\t<\/div>\n<\/div>\n\n\n<div id=\"acf-block-654c16e8e347e\" class=\"block next-previous block-tight-bottom\">\n    <div class=\"wrapper\">\n\t\t<div class=\"inner-wrapper\">\n            <div class=\"link link-prev\">\n                                    <p><a class=\"button button-text button-arrow button-arrow-left\" href=\"https:\/\/pku.biomarin.com\/hu-hu\/liveunlimited\/video-tortenetek\/\" target=\"_self\">Vissza az \u00f6sszes video t\u00f6rt\u00e9nethez<\/a><\/p>\n                            <\/div>\n            <div class=\"link link-next\">\n                            <\/div>\n\t\t<\/div>\n\t<\/div>\n<\/div>\n\n<div id=\"acf-block-654c16e8e365b\" class=\"block wrapped-content block-tight-top\">\n    <div class=\"wrapper\">\n        <div class=\"inner-wrapper\">\n                \n<div id=\"acf-block-654c16e8e37bf\" class=\"block-wysiwyg\">\n            <h2>Mik\u00f6zben j\u00f3n\u00e9h\u00e1nyszor feladta, \u00e9s ilyenkor felhagyott PKU-j\u00e1nak akt\u00edv kontroll\u00e1l\u00e1s\u00e1val, Michelle minden alkalommal jelent\u0151sen meger\u0151s\u00f6dve t\u00e9rt vissza.<\/h2>\n<p>Michellenek nehez\u00e9re esett \u00e9lete minden szakasz\u00e1ban \u00e1llapot\u00e1t k\u00e9zben tartani. M\u00e1r a legels\u0151 id\u0151szakt\u00f3l, kisgyerekkor\u00e1t\u00f3l kezdve, mikor nem reag\u00e1lt a kezel\u00e9sekre, \u00e9s csak almal\u00e9vel lehetett meggy\u0151zni, hogy a t\u00e1pl\u00e1l\u00e9kkieg\u00e9sz\u00edt\u0151ket bevegye eg\u00e9szen a p\u00f6rg\u0151s tin\u00e9dzserkorig, mikor mindenn\u00e9l jobban szeretett volna elvegy\u00fclni t\u00e1rsai k\u00f6z\u00f6tt, \u00e9s \u00fagy \u00e9rezni, hogy k\u00f6z\u00e9j\u00fck tartozik, nem pedig el\u0151kapni a m\u00e9rleget, \u00e9s magyar\u00e1zkodni, hogy az \u00e9trendje nem tests\u00falycs\u00f6kken\u00e9sr\u0151l sz\u00f3l.<\/p>\n<p><strong>\u201c[A PKU kezel\u00e9se] pubert\u00e1s alatt egyre f\u00e1raszt\u00f3bb lett. Egyre ink\u00e1bb l\u00e1zadtam. Azt\u00e1n egy ponton feladtam. Volt egy id\u0151szak, mikor figyelmen k\u00edv\u00fcl hagytam az el\u0151\u00edrt \u00e9trendet. Ebb\u0151l nagy vit\u00e1k voltak otthon. Visszatekintve nagyon h\u00e1l\u00e1s vagyok a sz\u00fcleimnek; \u0151k csak azt akart\u00e1k, ami nekem a legjobb volt\u201d\u00a0<\/strong>magyar\u00e1zza Michelle. Ez a neh\u00e9z id\u0151szak Michelle h\u00fag\u00e1ra is kihatott. \u201e<strong>Azalatt az id\u0151 alatt a sz\u00fcleim nagyon sokat foglalkoztak velem. \u0150 sokszor h\u00e1tt\u00e9rbe szorult. Visszatekintve sajn\u00e1lom, \u00e9s ha visszamehetn\u00e9k az id\u0151ben, jobban igyekezn\u00e9k a di\u00e9t\u00e1mhoz tartani magamat. Mindenkit sok neh\u00e9zs\u00e9gt\u0151l k\u00edm\u00e9ltem volna meg.<\/strong>\u201d<\/p>\n<p>Az id\u0151 m\u00fal\u00e1s\u00e1val Michelle m\u00e1s kih\u00edv\u00e1sokkal szembes\u00fclt. \u201e<strong>18 \u00e9ves koromig egy pedi\u00e1triai klinik\u00e1n kezeltek. Itt kaptam meg a t\u00e1pl\u00e1lkoz\u00e1ssal kapcsolatos oktat\u00e1st, \u00e9s volt mellettem egy dietetikus. Olyan orvos azonban, aki PKU-specialista lett volna, se k\u00f6zel, se t\u00e1vol nem volt. Ekkoriban kezdtem \u00fagy \u00e9rezni, hogy csak f\u00e9lig vagyok a k\u00f6z\u00f6ss\u00e9g r\u00e9sze. Nem voltam komolyan v\u00e9ve.<\/strong>\u201d Michelle m\u00e9g ma is \u00fagy \u00e9rzi, hogy PKU-val \u00e9lni neh\u00e9z, \u00e9s \u00fagy tekint betegs\u00e9g\u00e9re, mint amit minden alkalommal le kell gy\u0151znie. \u201e<strong>Nem k\u00e9tszer, hanem h\u00e1romszor annyit kell tenned. Sok. Ide\u00e1lis k\u00f6r\u00fclm\u00e9nyek k\u00f6z\u00f6tt a PKU j\u00f3l k\u00e9zben tarthat\u00f3. De mikor az \u00e9let az utadban van, mikor \u00faj helyzetek ad\u00f3dnak, mikor a t\u00e1rsas\u00e1gi \u00e9let akad\u00e1lyoz, olyankor cudar neh\u00e9z.<\/strong>\u201d<\/p>\n<p>Huszon\u00f6t\u00e9vesen, mikor hosszabb ideig nem t\u00f6r\u0151d\u00f6tt a di\u00e9t\u00e1j\u00e1val, frusztr\u00e1ltan \u00e9s deprim\u00e1ltan Michelle vissza akart t\u00e9rni az ell\u00e1t\u00e1sba, \u00e9s be\u00e1ll\u00edttatni v\u00e9re phe szintj\u00e9t. De azt l\u00e1tta, hogy senki sem foglalkozik vele.\u00a0<strong>\u201cElmentem a h\u00e1ziorvosomhoz, aki gyerekkorom \u00f3ta ismer, aki nem akart semmilyen di\u00e9t\u00e1s \u00e9telt fel\u00edrni. Voltam a lak\u00f3helyem k\u00f6rny\u00e9k\u00e9nek \u00f6sszes klinik\u00e1j\u00e1n, de minden orvos elk\u00fcld\u00f6tt. K\u00e9ts\u00e9gbeestem. Nagyon rosszul \u00e9reztem magam, ez\u00e9rt el akartam kezdeni ism\u00e9t a PKU-mmal foglalkozni. Seg\u00edts\u00e9get k\u00e9rtem, erre azt mondt\u00e1k, hogy \u00e1testem az ell\u00e1t\u00f3rendszer \u201esz\u0171r\u0151-lyukain\u201d, mivel m\u00e1r nem vagyok gyerek, \u00e9s nem folytattam k\u00f6vetkezetesen a kezel\u00e9st, visszat\u00e9rni pedig neh\u00e9z dolog. Nagyon nagy csal\u00f3d\u00e1s volt mindezzel szembes\u00fclni.\u201d<\/strong><\/p>\n<p><strong>\u201cElhagyottnak \u00e9reztem magam. Nem \u00e9n k\u00e9rtem ezt a betegs\u00e9get. Sosem akartam, \u00e9s most itt maradtam vele egyed\u00fcl.\u201d<\/strong><\/p>\n    <\/div>\n        <\/div>\n    <\/div>\n<\/div>\n\n<div id=\"acf-block-654c16e8e4422\" class=\"block split-content equal-bias content-reverse bottom-border\" data-muted-autoplay=\"false\">\n\t<div class=\"wrapper\">\n\t\t<div class=\"inner-wrapper\">\n\t\t                                                                <div class=\"content-block first-block\">\n                                                                                                                                                                                                                                                                                    \n                                    \n                                                                                                                \n                                    \n                                    <figure>\n                                        <div class=\"image image-rounded\">\n                                                                                            <img decoding=\"async\" class=\"\" src=\"https:\/\/pku.biomarin.com\/hu-hu\/liveunlimited\/wp-content\/uploads\/sites\/13\/2023\/11\/Michelle-07620-572x381@2x-768x512-1.jpg?v=0.74\" alt=\"Michelle\" \/>                                                                                    <\/div>\n                                                                            <\/figure>\n                                                                                    <\/div>\n                    \n                                            <div class=\"content-block second-block\">\n                                                                                                <p>Ez sok PKU-val \u00e9l\u0151 sz\u00e1m\u00e1ra napi realit\u00e1s; sok feln\u0151tt nem k\u00f6vet semmilyen di\u00e9t\u00e1s \u00e9trendet, a gondoz\u00e1s sz\u00ednvonala v\u00e1ltoz\u00f3, \u00e9s sok feln\u0151tt egyszer\u0171en belef\u00e1rad. A 2017. \u00e9vi eur\u00f3pai ir\u00e1nyelvek szerint eg\u00e9sz \u00e9leten \u00e1t tart\u00f3 rendszeres konzult\u00e1ci\u00f3 javasolt az \u00e9letm\u00f3d-tan\u00e1csok betart\u00e1s\u00e1t\u00f3l \u00e9s a v\u00e1lasztott kezel\u00e9s (vagy kezel\u00e9s mell\u0151z\u00e9s\u00e9nek) fok\u00e1t\u00f3l f\u00fcggetlen\u00fcl, hogy a beteg sz\u0171r\u00e9se hossz\u00fat\u00e1v\u00fa komplik\u00e1ci\u00f3kra minden \u00e9letszakaszban megt\u00f6rt\u00e9njen, \u00e9s a megfelel\u0151 t\u00e1mogat\u00e1st megkapja. Ez azonban sajnos nem mindig t\u00f6rt\u00e9nik meg.<\/p>\n<p>Michelle azt k\u00e9ri, hogy az orvosok legyenek k\u00f6nnyebben el\u00e9rhet\u0151k, legyenek t\u00e1j\u00e9kozottabbak a PKU-val kapcsolatban, \u00e9s legyen egy integr\u00e1lt m\u00f3dszer\u00fck arra, hogy a hozz\u00e1 hasonl\u00f3 betegek \u00e1llapot\u00e1t jobban kezelj\u00e9k. Szeretn\u00e9 azt is l\u00e1tni, hogy t\u00f6bb szak\u00e9rt\u0151 dolgozik egy\u00fctt, t\u00f6bb kutat\u00e1s t\u00f6rt\u00e9nik ezen a ter\u00fcleten, hogy a betegek \u00e9trendje k\u00f6zelebb lehessen az \u00e1tlagember\u00e9hez an\u00e9lk\u00fcl, hogy k\u00f6vetkezm\u00e9nyekt\u0151l kellene f\u00e9lni\u00fck, \u00e9s v\u00e9g\u00fcl azt, hogy maga a betegs\u00e9g legyen sz\u00e9lesebb k\u00f6rben elfogadott.<\/p>\n                                                                                    <\/div>\n                                                \t\t<\/div>\n\t<\/div>\n<\/div>\n\n<div id=\"acf-block-654c16e8e44c7\" class=\"block split-content equal-bias content-reverse bottom-border\" data-muted-autoplay=\"false\">\n\t<div class=\"wrapper\">\n\t\t<div class=\"inner-wrapper\">\n\t\t                                                                <div class=\"content-block first-block\">\n                                                                                                <h3>\u201cNem csak sz\u00e1mok vagyunk. Emberek vagyunk, akik szeretik az \u00e9letet, \u00e9s \u00e9rdemesek vagyunk arra, hogy tov\u00e1bbi seg\u00edts\u00e9get kapjunk.&#8221;<\/h3>\n<p><em>&#8222;Nem \u00e9rdemelj\u00fck meg, hogy egyik szakorvos a m\u00e1sikhoz k\u00fcld\u00f6zgessen. Gondoz\u00e1s elvileg 18 \u00e9ves korig j\u00e1r, majd ez megsz\u0171nik, mik\u00f6zben a gondoz\u00e1st \u00e9s a t\u00e1mogat\u00e1st tov\u00e1bbra is ig\u00e9nyelj\u00fck. Az \u00e9n legkomolyabb aggodalmam a j\u00f6v\u0151re n\u00e9zve az, hogy elvesz\u00edtem magamat. Konkr\u00e9tan az, hogy ha nem tartom magam az \u00e9trendemhez \u00e9s nincsenek a kezemben a PKU kontroll\u00e1l\u00e1s\u00e1hoz sz\u00fcks\u00e9ges eszk\u00f6z\u00f6k, akkor az az ember m\u00e1r nem \u00e9n leszek. Az agyam nem \u00fagy fog m\u0171k\u00f6dni, ahogy most.\u201c<\/em><\/p>\n                                                                                    <\/div>\n                    \n                                            <div class=\"content-block second-block\">\n                                                                                                                                                                                                                                                <div class=\"video-poster\">\n\t\t\t                            <a class=\"modal-video permitted\" href=\"https:\/\/player.vimeo.com\/video\/1050872622\" style=\"background-image: url(https:\/\/pku.biomarin.com\/hu-hu\/liveunlimited\/wp-content\/uploads\/sites\/13\/2023\/11\/vlcsnap-2023-11-08-23h46m00s260-1500x844.png);\">Play<\/a>\n\t\t                            <\/div> \n                                    \n                                                                                                                    \n                                                                                                                                                   \n                                    \n\t\t                                                                            <\/div>\n                                                \t\t<\/div>\n\t<\/div>\n<\/div>\n\n<div id=\"acf-block-65520f308b444\" class=\"block next-previous\">\n    <div class=\"wrapper\">\n\t\t<div class=\"inner-wrapper\">\n            <div class=\"link link-prev\">\n                                    <p><a class=\"button button-text button-arrow button-arrow-left\" href=\"https:\/\/pku.biomarin.com\/hu-hu\/liveunlimited\/raquel\/\" target=\"_self\">Raquel t\u00f6rt\u00e9nete<\/a><\/p>\n                            <\/div>\n            <div class=\"link link-next\">\n                                    <p><a class=\"button button-text button-arrow\" href=\"https:\/\/pku.biomarin.com\/hu-hu\/liveunlimited\/piroska\/\" target=\"_self\">Piroska t\u00f6rt\u00e9nete<\/a><\/p>\n                            <\/div>\n\t\t<\/div>\n\t<\/div>\n<\/div>","protected":false},"excerpt":{"rendered":"","protected":false},"author":2,"featured_media":0,"parent":0,"menu_order":0,"comment_status":"closed","ping_status":"closed","template":"","meta":{"_acf_changed":false,"inline_featured_image":false,"footnotes":""},"class_list":["post-530","page","type-page","status-publish","hentry"],"acf":[],"yoast_head":"<!-- This site is optimized with the Yoast SEO plugin v27.1.1 - https:\/\/yoast.com\/product\/yoast-seo-wordpress\/ -->\n<title>Michelle | Live Unlimited PKU<\/title>\n<meta name=\"description\" content=\"Az \u00c9ld az \u00e9leted kamp\u00e1ny r\u00e9szek\u00e9nt Eur\u00f3pa sz\u00e1mos pontj\u00e1ra utaztunk, hogy tal\u00e1lkozzunk a PKU-val \u00e9l\u0151 feln\u0151ttekkel, \u00e9s hallgassuk meg t\u00f6rt\u00e9neteiket, kih\u00edv\u00e1saikat \u00e9s azt, hogy milyen int\u00e9zked\u00e9seket rem\u00e9ln\u00e9nek az ell\u00e1t\u00e1s jav\u00edt\u00e1sa \u00e9rdek\u00e9ben. Ez Michelle t\u00f6rt\u00e9nete.\" \/>\n<meta name=\"robots\" content=\"index, follow, max-snippet:-1, max-image-preview:large, max-video-preview:-1\" \/>\n<link rel=\"canonical\" href=\"https:\/\/pku.biomarin.com\/hu-hu\/liveunlimited\/michelle\/\" \/>\n<meta property=\"og:locale\" content=\"hu_HU\" \/>\n<meta property=\"og:type\" content=\"article\" \/>\n<meta property=\"og:title\" content=\"Michelle | Live Unlimited PKU\" \/>\n<meta property=\"og:description\" content=\"Az \u00c9ld az \u00e9leted kamp\u00e1ny r\u00e9szek\u00e9nt Eur\u00f3pa sz\u00e1mos pontj\u00e1ra utaztunk, hogy tal\u00e1lkozzunk a PKU-val \u00e9l\u0151 feln\u0151ttekkel, \u00e9s hallgassuk meg t\u00f6rt\u00e9neteiket, kih\u00edv\u00e1saikat \u00e9s azt, hogy milyen int\u00e9zked\u00e9seket rem\u00e9ln\u00e9nek az ell\u00e1t\u00e1s jav\u00edt\u00e1sa \u00e9rdek\u00e9ben. Ez Michelle t\u00f6rt\u00e9nete.\" \/>\n<meta property=\"og:url\" content=\"https:\/\/pku.biomarin.com\/hu-hu\/liveunlimited\/michelle\/\" \/>\n<meta property=\"og:site_name\" content=\"BioMarin Live Unlimited HU-HU\" \/>\n<meta property=\"article:modified_time\" content=\"2025-01-28T15:07:16+00:00\" \/>\n<meta name=\"twitter:card\" content=\"summary_large_image\" \/>\n<script type=\"application\/ld+json\" class=\"yoast-schema-graph\">{\"@context\":\"https:\/\/schema.org\",\"@graph\":[{\"@type\":\"WebPage\",\"@id\":\"https:\/\/pku.biomarin.com\/hu-hu\/liveunlimited\/michelle\/\",\"url\":\"https:\/\/pku.biomarin.com\/hu-hu\/liveunlimited\/michelle\/\",\"name\":\"Michelle | Live Unlimited PKU\",\"isPartOf\":{\"@id\":\"https:\/\/pku.biomarin.com\/hu-hu\/liveunlimited\/#website\"},\"datePublished\":\"2023-11-08T22:52:00+00:00\",\"dateModified\":\"2025-01-28T15:07:16+00:00\",\"description\":\"Az \u00c9ld az \u00e9leted kamp\u00e1ny r\u00e9szek\u00e9nt Eur\u00f3pa sz\u00e1mos pontj\u00e1ra utaztunk, hogy tal\u00e1lkozzunk a PKU-val \u00e9l\u0151 feln\u0151ttekkel, \u00e9s hallgassuk meg t\u00f6rt\u00e9neteiket, kih\u00edv\u00e1saikat \u00e9s azt, hogy milyen int\u00e9zked\u00e9seket rem\u00e9ln\u00e9nek az ell\u00e1t\u00e1s jav\u00edt\u00e1sa \u00e9rdek\u00e9ben. Ez Michelle t\u00f6rt\u00e9nete.\",\"breadcrumb\":{\"@id\":\"https:\/\/pku.biomarin.com\/hu-hu\/liveunlimited\/michelle\/#breadcrumb\"},\"inLanguage\":\"hu\",\"potentialAction\":[{\"@type\":\"ReadAction\",\"target\":[\"https:\/\/pku.biomarin.com\/hu-hu\/liveunlimited\/michelle\/\"]}]},{\"@type\":\"BreadcrumbList\",\"@id\":\"https:\/\/pku.biomarin.com\/hu-hu\/liveunlimited\/michelle\/#breadcrumb\",\"itemListElement\":[{\"@type\":\"ListItem\",\"position\":1,\"name\":\"Home\",\"item\":\"https:\/\/pku.biomarin.com\/hu-hu\/liveunlimited\/\"},{\"@type\":\"ListItem\",\"position\":2,\"name\":\"Michelle\"}]},{\"@type\":\"WebSite\",\"@id\":\"https:\/\/pku.biomarin.com\/hu-hu\/liveunlimited\/#website\",\"url\":\"https:\/\/pku.biomarin.com\/hu-hu\/liveunlimited\/\",\"name\":\"BioMarin Live Unlimited HU-HU\",\"description\":\"\",\"potentialAction\":[{\"@type\":\"SearchAction\",\"target\":{\"@type\":\"EntryPoint\",\"urlTemplate\":\"https:\/\/pku.biomarin.com\/hu-hu\/liveunlimited\/?s={search_term_string}\"},\"query-input\":{\"@type\":\"PropertyValueSpecification\",\"valueRequired\":true,\"valueName\":\"search_term_string\"}}],\"inLanguage\":\"hu\"}]}<\/script>\n<!-- \/ Yoast SEO plugin. -->","yoast_head_json":{"title":"Michelle | Live Unlimited PKU","description":"Az \u00c9ld az \u00e9leted kamp\u00e1ny r\u00e9szek\u00e9nt Eur\u00f3pa sz\u00e1mos pontj\u00e1ra utaztunk, hogy tal\u00e1lkozzunk a PKU-val \u00e9l\u0151 feln\u0151ttekkel, \u00e9s hallgassuk meg t\u00f6rt\u00e9neteiket, kih\u00edv\u00e1saikat \u00e9s azt, hogy milyen int\u00e9zked\u00e9seket rem\u00e9ln\u00e9nek az ell\u00e1t\u00e1s jav\u00edt\u00e1sa \u00e9rdek\u00e9ben. Ez Michelle t\u00f6rt\u00e9nete.","robots":{"index":"index","follow":"follow","max-snippet":"max-snippet:-1","max-image-preview":"max-image-preview:large","max-video-preview":"max-video-preview:-1"},"canonical":"https:\/\/pku.biomarin.com\/hu-hu\/liveunlimited\/michelle\/","og_locale":"hu_HU","og_type":"article","og_title":"Michelle | Live Unlimited PKU","og_description":"Az \u00c9ld az \u00e9leted kamp\u00e1ny r\u00e9szek\u00e9nt Eur\u00f3pa sz\u00e1mos pontj\u00e1ra utaztunk, hogy tal\u00e1lkozzunk a PKU-val \u00e9l\u0151 feln\u0151ttekkel, \u00e9s hallgassuk meg t\u00f6rt\u00e9neteiket, kih\u00edv\u00e1saikat \u00e9s azt, hogy milyen int\u00e9zked\u00e9seket rem\u00e9ln\u00e9nek az ell\u00e1t\u00e1s jav\u00edt\u00e1sa \u00e9rdek\u00e9ben. Ez Michelle t\u00f6rt\u00e9nete.","og_url":"https:\/\/pku.biomarin.com\/hu-hu\/liveunlimited\/michelle\/","og_site_name":"BioMarin Live Unlimited HU-HU","article_modified_time":"2025-01-28T15:07:16+00:00","twitter_card":"summary_large_image","schema":{"@context":"https:\/\/schema.org","@graph":[{"@type":"WebPage","@id":"https:\/\/pku.biomarin.com\/hu-hu\/liveunlimited\/michelle\/","url":"https:\/\/pku.biomarin.com\/hu-hu\/liveunlimited\/michelle\/","name":"Michelle | Live Unlimited PKU","isPartOf":{"@id":"https:\/\/pku.biomarin.com\/hu-hu\/liveunlimited\/#website"},"datePublished":"2023-11-08T22:52:00+00:00","dateModified":"2025-01-28T15:07:16+00:00","description":"Az \u00c9ld az \u00e9leted kamp\u00e1ny r\u00e9szek\u00e9nt Eur\u00f3pa sz\u00e1mos pontj\u00e1ra utaztunk, hogy tal\u00e1lkozzunk a PKU-val \u00e9l\u0151 feln\u0151ttekkel, \u00e9s hallgassuk meg t\u00f6rt\u00e9neteiket, kih\u00edv\u00e1saikat \u00e9s azt, hogy milyen int\u00e9zked\u00e9seket rem\u00e9ln\u00e9nek az ell\u00e1t\u00e1s jav\u00edt\u00e1sa \u00e9rdek\u00e9ben. Ez Michelle t\u00f6rt\u00e9nete.","breadcrumb":{"@id":"https:\/\/pku.biomarin.com\/hu-hu\/liveunlimited\/michelle\/#breadcrumb"},"inLanguage":"hu","potentialAction":[{"@type":"ReadAction","target":["https:\/\/pku.biomarin.com\/hu-hu\/liveunlimited\/michelle\/"]}]},{"@type":"BreadcrumbList","@id":"https:\/\/pku.biomarin.com\/hu-hu\/liveunlimited\/michelle\/#breadcrumb","itemListElement":[{"@type":"ListItem","position":1,"name":"Home","item":"https:\/\/pku.biomarin.com\/hu-hu\/liveunlimited\/"},{"@type":"ListItem","position":2,"name":"Michelle"}]},{"@type":"WebSite","@id":"https:\/\/pku.biomarin.com\/hu-hu\/liveunlimited\/#website","url":"https:\/\/pku.biomarin.com\/hu-hu\/liveunlimited\/","name":"BioMarin Live Unlimited HU-HU","description":"","potentialAction":[{"@type":"SearchAction","target":{"@type":"EntryPoint","urlTemplate":"https:\/\/pku.biomarin.com\/hu-hu\/liveunlimited\/?s={search_term_string}"},"query-input":{"@type":"PropertyValueSpecification","valueRequired":true,"valueName":"search_term_string"}}],"inLanguage":"hu"}]}},"_links":{"self":[{"href":"https:\/\/pku.biomarin.com\/hu-hu\/liveunlimited\/wp-json\/wp\/v2\/pages\/530","targetHints":{"allow":["GET"]}}],"collection":[{"href":"https:\/\/pku.biomarin.com\/hu-hu\/liveunlimited\/wp-json\/wp\/v2\/pages"}],"about":[{"href":"https:\/\/pku.biomarin.com\/hu-hu\/liveunlimited\/wp-json\/wp\/v2\/types\/page"}],"author":[{"embeddable":true,"href":"https:\/\/pku.biomarin.com\/hu-hu\/liveunlimited\/wp-json\/wp\/v2\/users\/2"}],"replies":[{"embeddable":true,"href":"https:\/\/pku.biomarin.com\/hu-hu\/liveunlimited\/wp-json\/wp\/v2\/comments?post=530"}],"version-history":[{"count":77,"href":"https:\/\/pku.biomarin.com\/hu-hu\/liveunlimited\/wp-json\/wp\/v2\/pages\/530\/revisions"}],"predecessor-version":[{"id":1496,"href":"https:\/\/pku.biomarin.com\/hu-hu\/liveunlimited\/wp-json\/wp\/v2\/pages\/530\/revisions\/1496"}],"wp:attachment":[{"href":"https:\/\/pku.biomarin.com\/hu-hu\/liveunlimited\/wp-json\/wp\/v2\/media?parent=530"}],"curies":[{"name":"wp","href":"https:\/\/api.w.org\/{rel}","templated":true}]}}