{"id":53,"date":"2023-11-06T10:45:33","date_gmt":"2023-11-06T10:45:33","guid":{"rendered":"https:\/\/liveunlimitedpku-dev-001.azurewebsites.net\/fr-fr\/?page_id=53"},"modified":"2024-08-25T20:09:38","modified_gmt":"2024-08-25T20:09:38","slug":"quels-sont-les-changements-necessaires","status":"publish","type":"page","link":"https:\/\/pku.biomarin.com\/fr-fr\/liveunlimited\/quels-sont-les-changements-necessaires\/","title":{"rendered":"Quels sont les changements n\u00e9cessaires?"},"content":{"rendered":"<div id=\"acf-block-6548e1451705a\" class=\"hero hero-no-overlay\">\n            <div class=\"hero-background-image hero-background-image-desktop\" style=\"background-image: url(https:\/\/pku.biomarin.com\/fr-fr\/liveunlimited\/wp-content\/uploads\/sites\/9\/2023\/11\/notebookB.png?v=0.74);\"><\/div>\n\t    <div class=\"hero-background-image hero-background-image-mobile\" style=\"background-image: url(https:\/\/pku.biomarin.com\/fr-fr\/liveunlimited\/wp-content\/uploads\/sites\/9\/2023\/11\/Notebook.png?v=0.74);\"><\/div>\n    \t<div class=\"overlay\"><\/div>\n\t<div class=\"wrapper\">\n\t\t<div class=\"inner-wrapper\">\n\t\t\t<div class=\"hero-content\">\n\t\t\t    \t\t\t\t    <span class=\"section-title\">La vie est difficile si vous n\u2019avez pas les outils n\u00e9cessaires<\/span>\n\t\t\t\t\t\t\t\t\t\t\t\t\t\t\t\t    <h1>QUELS SONT LES CHANGEMENTS N\u00c9CESSAIRES ?\n<\/h1>\n\t\t\t\t\t\t\t\t\t\t\t\t\n                <p class=\"inline-buttons\">\n                                                        <\/p>\n\t\t\t\t\t\t\t<\/div>\n\t\t<\/div>\n\t<\/div>\n<\/div>\n\n\n<div id=\"acf-block-6548e145172db\" class=\"block wrapped-content block-tight-top\">\n    <div class=\"wrapper\">\n        <div class=\"inner-wrapper\">\n                \n<div id=\"acf-block-6548e1451742e\" class=\"block-wysiwyg\">\n            <h2>La PCU peut avoir un impact consid\u00e9rable sur la qualit\u00e9 de vie des personnes mais, comme il s\u2019agit d\u2019une maladie rare et qu\u2019elle reste peu connue, elle n\u2019est pas trait\u00e9e \u00e0 ce jour comme une priorit\u00e9 par les autorit\u00e9s de sant\u00e9 europ\u00e9ennes<sup>1<\/sup>.<\/h2>\n<p>Nous entrons aujourd\u2019hui dans une nouvelle \u00e8re de la PCU, les premiers adultes diagnostiqu\u00e9s \u00e0 la naissance gr\u00e2ce au d\u00e9pistage n\u00e9onatal devant \u00e0 pr\u00e9sent faire face \u00e0 la gestion de leur maladie tout au long de leur vie d\u2019adulte. De nouveaux d\u00e9fis se pr\u00e9sentent ainsi \u00e0 nous et nous devons de toute urgence trouver les moyens de faire \u00e9voluer la prise en charge et de r\u00e9pondre aux besoins de toutes les personnes qui vivent avec la PCU.<\/p>\n<p>Forte des recherches et des recommandations fournies par l\u2019ESPKU (l\u2019association europ\u00e9enne des patients atteints de PCU et troubles apparent\u00e9s) en 2015 et, plus r\u00e9cemment, des directives cliniques europ\u00e9ennes de 2017, la campagne \u00ab Live Unlimited \u00bb lance un appel pour l\u2019am\u00e9lioration des aspects de la prise en charge de la PCU sp\u00e9cifiques aux adultes de fa\u00e7on \u00e0 refl\u00e9ter le caract\u00e8re chronique, \u00e0 vie, de la maladie.<\/p>\n    <\/div>\n        <\/div>\n    <\/div>\n<\/div>\n\n<div id=\"acf-block-6548e14517613\" class=\"block boxed-content\">\n\t<div class=\"wrapper\">\n\t\t<div class=\"inner-wrapper\">\n\t\t\t<div class=\"box\">\n\t\t\t\t\t\t\t\t\n<div id=\"acf-block-6548e14517940\" class=\"image-text-block content-align-center bottom-border\">\n            <div class=\"image-block medium\">\n            <figure>\n                <div class=\"image image-rounded\">\n                    <img decoding=\"async\" class=\"\" src=\"https:\/\/pku.biomarin.com\/fr-fr\/liveunlimited\/wp-content\/uploads\/sites\/9\/2023\/11\/1.png?v=0.74\" alt=\"\" \/>                <\/div>\n            <\/figure>\n        <\/div>\n        <div class=\"content-block\">\n                    <h3>Une prise en charge plus homog\u00e8ne pour les adultes atteints de PCU partout en Europe\n<\/h3>\n                            <p>Les directives europ\u00e9ennes d\u00e9finissent des normes claires pour la prise en charge de la PCU. L\u00e0 o\u00f9 il n\u2019existe pas de directives nationales, ces directives europ\u00e9ennes devraient \u00eatre pleinement appliqu\u00e9es pour garantir que les personnes atteintes de PCU aient acc\u00e8s au soutien et \u00e0 la prise en charge dont elles ont besoin<sup>2<\/sup>.<\/p>\n                    <\/div>\n<\/div>\n\n<div id=\"acf-block-6548e145179eb\" class=\"image-text-block content-align-center bottom-border\">\n            <div class=\"image-block medium\">\n            <figure>\n                <div class=\"image image-rounded\">\n                    <img decoding=\"async\" class=\"\" src=\"https:\/\/pku.biomarin.com\/fr-fr\/liveunlimited\/wp-content\/uploads\/sites\/9\/2023\/11\/2b.png?v=0.74\" alt=\"\" \/>                <\/div>\n            <\/figure>\n        <\/div>\n        <div class=\"content-block\">\n                    <h3>Un acc\u00e8s r\u00e9gulier \u00e0 une \u00e9quipe pluridisciplinaire de professionnels de sant\u00e9\n<\/h3>\n                            <p>Malgr\u00e9 les r\u00e9percussions neurologiques de la PCU et le r\u00e9gime alimentaire extr\u00eamement restrictif recommand\u00e9 pour contr\u00f4ler les taux de Phe, des \u00e9tudes ont montr\u00e9 qu\u2019<strong>\u00e0 peine 12 % des patients en Europe ont acc\u00e8s \u00e0 une \u00e9quipe pluridisciplinaire<\/strong> constitu\u00e9e de m\u00e9decins sp\u00e9cialistes, de nutritionnistes, d\u2019infirmiers sp\u00e9cialis\u00e9s, de psychologues et de biochimistes cliniques<sup>3<\/sup>.<\/p>\n                    <\/div>\n<\/div>\n\n<div id=\"acf-block-6548e14517a70\" class=\"image-text-block content-align-center\">\n            <div class=\"image-block medium\">\n            <figure>\n                <div class=\"image image-rounded\">\n                    <img decoding=\"async\" class=\"\" src=\"https:\/\/pku.biomarin.com\/fr-fr\/liveunlimited\/wp-content\/uploads\/sites\/9\/2023\/11\/3.png?v=0.74\" alt=\"\" \/>                <\/div>\n            <\/figure>\n        <\/div>\n        <div class=\"content-block\">\n                    <h3>Un meilleur soutien lors de la transition entre le suivi p\u00e9diatrique et le suivi de l\u2019adulte\n<\/h3>\n                            <p>Alors que les enfants sont g\u00e9n\u00e9ralement suivis chaque mois par un sp\u00e9cialiste, le suivi des adultes se r\u00e9duira souvent \u00e0 une visite annuelle, voire moins<sup>2,3<\/sup>.<\/p>\n<p>Apr\u00e8s l\u2019\u00e2ge de 18 ans, de nombreuses personnes atteintes de PCU arr\u00eatent purement et simplement de voir leur sp\u00e9cialiste, souvent \u00e0 cause du manque de soutien qu\u2019elles ressentent de la part des cliniciens et d\u2019une perte de motivation \u00e0 l\u2019\u00e9gard du respect du r\u00e9gime alimentaire<sup>4<\/sup>.<\/p>\n<p>Nous pensons qu\u2019une meilleure prise en charge de la PCU est possible en assurant un suivi r\u00e9gulier tout au long de la vie d\u2019adulte, qui devrait d\u00e9buter par un plan de prise en charge personnalis\u00e9 lors de la transition entre le suivi p\u00e9diatrique et le suivi de l\u2019adulte<sup>5<\/sup>.<\/p>\n                    <\/div>\n<\/div>\n\t\t\t<\/div>\n\t\t<\/div>\n\t<\/div>\n<\/div>\n\n<div id=\"acf-block-65b11164e6d51\" class=\"block wrapped-content\">\n    <div class=\"wrapper\">\n        <div class=\"inner-wrapper\">\n                \n<figure id=\"acf-block-65b11164e6f6b\">\n    <div class=\"image image-align-left\">\n                    <img decoding=\"async\" class=\"\" src=\"https:\/\/pku.biomarin.com\/fr-fr\/liveunlimited\/wp-content\/uploads\/sites\/9\/2024\/01\/anna-spratt-1900x1026.jpg\" alt=\"Girls desk at desk reading\" \/>            <\/div>\n    <\/figure>\n        <\/div>\n    <\/div>\n<\/div>\n\n<div id=\"acf-block-65b11164e6fb9\" class=\"block wrapped-content\">\n    <div class=\"wrapper\">\n        <div class=\"inner-wrapper\">\n                        <\/div>\n    <\/div>\n<\/div>\n\n<div id=\"acf-block-6548e14517de2\" class=\"block references\">\n    <div class=\"wrapper\">\n\t\t<div class=\"inner-wrapper\">\n\t\t    \t\t\t    <h4>R\u00e9f\u00e9rences:\n<\/h4>\n\t\t\t\t\t\t                <ol>\n                                                                                                                        <li><span>PKU: Closing the Gaps in Care an ESPKU benchmark report on the management of phenylketonuria within EU healthcare economies.\n<\/span><\/li>\n                                                                                                                                                <li><span>Wegberg AMJ, MacDonald A, Ahring K, et al. The complete European guidelines on phenylketonuria: diagnosis and treatment. Orphanet J Rare Dis. 2017;12(1):162. Published 2017 Oct 12. doi:10.1186\/s13023-017-0685-2.\n<\/span><\/li>\n                                                                                                                                                <li><span>Blau et Al. Management of phenylketonuria in Europe: Survey results from 19 countries. Molecular Genetics and Metabolism 99 (2010) 109\u2013115\n<\/span><\/li>\n                                                                                                                                                <li><span>Thomas J et Al. Strategies for Successful Long-Term Engagement of Adults With Phenylalanine Hydroxylase Deficiency Returning to the Clinic Journal of Inborn Errors of Metabolism &amp; Screening 2017, Volume 5: 1\u20139, 2017\n<\/span><\/li>\n                                                                                                                                                <li><span>Cazzorla C et Al. Living with phenylketonuria in adulthood: The PKU ATTITUDE study. Molecular Genetics and Metabolism Reports 16 (2018) 39\u201345\n<\/span><\/li>\n                                                            <\/ol>\n\t\t\t\t\t<\/div>\n\t<\/div>\n<\/div>","protected":false},"excerpt":{"rendered":"","protected":false},"author":2,"featured_media":0,"parent":0,"menu_order":0,"comment_status":"closed","ping_status":"closed","template":"","meta":{"_acf_changed":false,"inline_featured_image":false,"footnotes":""},"class_list":["post-53","page","type-page","status-publish","hentry"],"acf":[],"yoast_head":"<!-- This site is optimized with the Yoast SEO plugin v27.1.1 - https:\/\/yoast.com\/product\/yoast-seo-wordpress\/ -->\n<title>Quels sont les changements n\u00e9cessaires? | Live Unlimited PKU<\/title>\n<meta name=\"description\" content=\"Nous devons de toute urgence trouver des moyens de faire \u00e9voluer les soins et de r\u00e9pondre aux besoins de toutes les personnes vivant avec la PCU.\" \/>\n<meta name=\"robots\" content=\"index, follow, max-snippet:-1, max-image-preview:large, max-video-preview:-1\" \/>\n<link rel=\"canonical\" href=\"https:\/\/pku.biomarin.com\/fr-fr\/liveunlimited\/quels-sont-les-changements-necessaires\/\" \/>\n<meta property=\"og:locale\" content=\"fr_FR\" \/>\n<meta property=\"og:type\" content=\"article\" \/>\n<meta property=\"og:title\" content=\"Quels sont les changements n\u00e9cessaires? | Live Unlimited PKU\" \/>\n<meta property=\"og:description\" content=\"Nous devons de toute urgence trouver des moyens de faire \u00e9voluer les soins et de r\u00e9pondre aux besoins de toutes les personnes vivant avec la PCU.\" \/>\n<meta property=\"og:url\" content=\"https:\/\/pku.biomarin.com\/fr-fr\/liveunlimited\/quels-sont-les-changements-necessaires\/\" \/>\n<meta property=\"og:site_name\" content=\"BioMarin Live Unlimited FR-FR\" \/>\n<meta property=\"article:modified_time\" content=\"2024-08-25T20:09:38+00:00\" \/>\n<meta name=\"twitter:card\" content=\"summary_large_image\" \/>\n<script type=\"application\/ld+json\" class=\"yoast-schema-graph\">{\"@context\":\"https:\/\/schema.org\",\"@graph\":[{\"@type\":\"WebPage\",\"@id\":\"https:\/\/pku.biomarin.com\/fr-fr\/liveunlimited\/quels-sont-les-changements-necessaires\/\",\"url\":\"https:\/\/pku.biomarin.com\/fr-fr\/liveunlimited\/quels-sont-les-changements-necessaires\/\",\"name\":\"Quels sont les changements n\u00e9cessaires? | Live Unlimited PKU\",\"isPartOf\":{\"@id\":\"https:\/\/pku.biomarin.com\/fr-fr\/liveunlimited\/#website\"},\"datePublished\":\"2023-11-06T10:45:33+00:00\",\"dateModified\":\"2024-08-25T20:09:38+00:00\",\"description\":\"Nous devons de toute urgence trouver des moyens de faire \u00e9voluer les soins et de r\u00e9pondre aux besoins de toutes les personnes vivant avec la PCU.\",\"breadcrumb\":{\"@id\":\"https:\/\/pku.biomarin.com\/fr-fr\/liveunlimited\/quels-sont-les-changements-necessaires\/#breadcrumb\"},\"inLanguage\":\"fr-FR\",\"potentialAction\":[{\"@type\":\"ReadAction\",\"target\":[\"https:\/\/pku.biomarin.com\/fr-fr\/liveunlimited\/quels-sont-les-changements-necessaires\/\"]}]},{\"@type\":\"BreadcrumbList\",\"@id\":\"https:\/\/pku.biomarin.com\/fr-fr\/liveunlimited\/quels-sont-les-changements-necessaires\/#breadcrumb\",\"itemListElement\":[{\"@type\":\"ListItem\",\"position\":1,\"name\":\"Home\",\"item\":\"https:\/\/pku.biomarin.com\/fr-fr\/liveunlimited\/\"},{\"@type\":\"ListItem\",\"position\":2,\"name\":\"Quels sont les changements n\u00e9cessaires?\"}]},{\"@type\":\"WebSite\",\"@id\":\"https:\/\/pku.biomarin.com\/fr-fr\/liveunlimited\/#website\",\"url\":\"https:\/\/pku.biomarin.com\/fr-fr\/liveunlimited\/\",\"name\":\"BioMarin Live Unlimited FR-FR\",\"description\":\"\",\"potentialAction\":[{\"@type\":\"SearchAction\",\"target\":{\"@type\":\"EntryPoint\",\"urlTemplate\":\"https:\/\/pku.biomarin.com\/fr-fr\/liveunlimited\/?s={search_term_string}\"},\"query-input\":{\"@type\":\"PropertyValueSpecification\",\"valueRequired\":true,\"valueName\":\"search_term_string\"}}],\"inLanguage\":\"fr-FR\"}]}<\/script>\n<!-- \/ Yoast SEO plugin. -->","yoast_head_json":{"title":"Quels sont les changements n\u00e9cessaires? | Live Unlimited PKU","description":"Nous devons de toute urgence trouver des moyens de faire \u00e9voluer les soins et de r\u00e9pondre aux besoins de toutes les personnes vivant avec la PCU.","robots":{"index":"index","follow":"follow","max-snippet":"max-snippet:-1","max-image-preview":"max-image-preview:large","max-video-preview":"max-video-preview:-1"},"canonical":"https:\/\/pku.biomarin.com\/fr-fr\/liveunlimited\/quels-sont-les-changements-necessaires\/","og_locale":"fr_FR","og_type":"article","og_title":"Quels sont les changements n\u00e9cessaires? | Live Unlimited PKU","og_description":"Nous devons de toute urgence trouver des moyens de faire \u00e9voluer les soins et de r\u00e9pondre aux besoins de toutes les personnes vivant avec la PCU.","og_url":"https:\/\/pku.biomarin.com\/fr-fr\/liveunlimited\/quels-sont-les-changements-necessaires\/","og_site_name":"BioMarin Live Unlimited FR-FR","article_modified_time":"2024-08-25T20:09:38+00:00","twitter_card":"summary_large_image","schema":{"@context":"https:\/\/schema.org","@graph":[{"@type":"WebPage","@id":"https:\/\/pku.biomarin.com\/fr-fr\/liveunlimited\/quels-sont-les-changements-necessaires\/","url":"https:\/\/pku.biomarin.com\/fr-fr\/liveunlimited\/quels-sont-les-changements-necessaires\/","name":"Quels sont les changements n\u00e9cessaires? | Live Unlimited PKU","isPartOf":{"@id":"https:\/\/pku.biomarin.com\/fr-fr\/liveunlimited\/#website"},"datePublished":"2023-11-06T10:45:33+00:00","dateModified":"2024-08-25T20:09:38+00:00","description":"Nous devons de toute urgence trouver des moyens de faire \u00e9voluer les soins et de r\u00e9pondre aux besoins de toutes les personnes vivant avec la PCU.","breadcrumb":{"@id":"https:\/\/pku.biomarin.com\/fr-fr\/liveunlimited\/quels-sont-les-changements-necessaires\/#breadcrumb"},"inLanguage":"fr-FR","potentialAction":[{"@type":"ReadAction","target":["https:\/\/pku.biomarin.com\/fr-fr\/liveunlimited\/quels-sont-les-changements-necessaires\/"]}]},{"@type":"BreadcrumbList","@id":"https:\/\/pku.biomarin.com\/fr-fr\/liveunlimited\/quels-sont-les-changements-necessaires\/#breadcrumb","itemListElement":[{"@type":"ListItem","position":1,"name":"Home","item":"https:\/\/pku.biomarin.com\/fr-fr\/liveunlimited\/"},{"@type":"ListItem","position":2,"name":"Quels sont les changements n\u00e9cessaires?"}]},{"@type":"WebSite","@id":"https:\/\/pku.biomarin.com\/fr-fr\/liveunlimited\/#website","url":"https:\/\/pku.biomarin.com\/fr-fr\/liveunlimited\/","name":"BioMarin Live Unlimited FR-FR","description":"","potentialAction":[{"@type":"SearchAction","target":{"@type":"EntryPoint","urlTemplate":"https:\/\/pku.biomarin.com\/fr-fr\/liveunlimited\/?s={search_term_string}"},"query-input":{"@type":"PropertyValueSpecification","valueRequired":true,"valueName":"search_term_string"}}],"inLanguage":"fr-FR"}]}},"_links":{"self":[{"href":"https:\/\/pku.biomarin.com\/fr-fr\/liveunlimited\/wp-json\/wp\/v2\/pages\/53","targetHints":{"allow":["GET"]}}],"collection":[{"href":"https:\/\/pku.biomarin.com\/fr-fr\/liveunlimited\/wp-json\/wp\/v2\/pages"}],"about":[{"href":"https:\/\/pku.biomarin.com\/fr-fr\/liveunlimited\/wp-json\/wp\/v2\/types\/page"}],"author":[{"embeddable":true,"href":"https:\/\/pku.biomarin.com\/fr-fr\/liveunlimited\/wp-json\/wp\/v2\/users\/2"}],"replies":[{"embeddable":true,"href":"https:\/\/pku.biomarin.com\/fr-fr\/liveunlimited\/wp-json\/wp\/v2\/comments?post=53"}],"version-history":[{"count":41,"href":"https:\/\/pku.biomarin.com\/fr-fr\/liveunlimited\/wp-json\/wp\/v2\/pages\/53\/revisions"}],"predecessor-version":[{"id":1482,"href":"https:\/\/pku.biomarin.com\/fr-fr\/liveunlimited\/wp-json\/wp\/v2\/pages\/53\/revisions\/1482"}],"wp:attachment":[{"href":"https:\/\/pku.biomarin.com\/fr-fr\/liveunlimited\/wp-json\/wp\/v2\/media?parent=53"}],"curies":[{"name":"wp","href":"https:\/\/api.w.org\/{rel}","templated":true}]}}