{"id":536,"date":"2023-11-08T22:54:05","date_gmt":"2023-11-08T22:54:05","guid":{"rendered":"https:\/\/liveunlimitedpku-dev-001.azurewebsites.net\/es-es\/?page_id=536"},"modified":"2025-02-26T21:30:07","modified_gmt":"2025-02-26T21:30:07","slug":"antoine","status":"publish","type":"page","link":"https:\/\/pku.biomarin.com\/es-es\/liveunlimited\/antoine\/","title":{"rendered":"Antoine"},"content":{"rendered":"<div id=\"acf-block-654c12822dd58\" class=\"hero hero-no-overlay hero-large-first-para\">\n            <div class=\"hero-background-image hero-background-image-desktop\" style=\"background-image: url(https:\/\/pku.biomarin.com\/es-es\/liveunlimited\/wp-content\/uploads\/sites\/17\/2024\/05\/m-v2.jpg?v=0.74);\"><\/div>\n\t    <div class=\"hero-background-image hero-background-image-mobile\" style=\"background-image: url(https:\/\/pku.biomarin.com\/es-es\/liveunlimited\/wp-content\/uploads\/sites\/17\/2024\/05\/m-v2.jpg?v=0.74);\"><\/div>\n    \t<div class=\"overlay\"><\/div>\n\t<div class=\"wrapper\">\n\t\t<div class=\"inner-wrapper\">\n\t\t\t<div class=\"hero-content\">\n\t\t\t    \t\t\t\t    <span class=\"section-title\">La vida es complicada cuando no tienes las herramientas necesarias<\/span>\n\t\t\t\t\t\t\t\t\t\t\t\t\t\t\t\t    <h1>ANTOINE\n<\/h1>\n\t\t\t\t\t\t\t\t\t\t\t\t    <p>Francia<\/p>\n<p>Antoine vive con su mujer en Bourg-la-Reine, una zona residencial del sur de Par\u00eds, Francia. A Antoine le detectaron PKU cuando era un beb\u00e9 con la prueba del tal\u00f3n habitual, que se ofrece a todos los reci\u00e9n nacidos en Europa desde la d\u00e9cada de 1960.<\/p>\n\t\t\t\t\t\t\t\t\n                <p class=\"inline-buttons\">\n                                                        <\/p>\n\t\t\t\t\t\t\t<\/div>\n\t\t<\/div>\n\t<\/div>\n<\/div>\n\n\n<div id=\"acf-block-654c12822e009\" class=\"block next-previous block-tight-top\">\n    <div class=\"wrapper\">\n\t\t<div class=\"inner-wrapper\">\n            <div class=\"link link-prev\">\n                                    <p><a class=\"button button-text button-arrow button-arrow-left\" href=\"https:\/\/pku.biomarin.com\/es-es\/liveunlimited\/historias-en-video\/\" target=\"_self\">Volver a todas las historias en video<\/a><\/p>\n                            <\/div>\n            <div class=\"link link-next\">\n                            <\/div>\n\t\t<\/div>\n\t<\/div>\n<\/div>\n\n<div id=\"acf-block-65523179a76cd\" class=\"block wrapped-content\">\n    <div class=\"wrapper\">\n        <div class=\"inner-wrapper\">\n                \n<div id=\"acf-block-65523179a7810\" class=\"block-wysiwyg\">\n            <h2>Antoine controla la PKU por medio de la dieta, como lleva haciendo desde ni\u00f1o.<\/h2>\n<p>Aunque sus padres lo apoyaron much\u00edsimo de peque\u00f1o, Antoine reconoce que hay que intensificar el cuidado de los pacientes a medida que se hacen mayores. Sin embargo, ha comprobado que ocurre justo lo contrario.<\/p>\n<p><strong>\u00abLa PKU es una enfermedad grave, porque si no se detecta en el momento del parto, las consecuencias son enormemente graves. Puede provocar una minusval\u00eda f\u00edsica o mental. Los esfuerzos se centran en el cuidado de los ni\u00f1os. Pero la dieta es mucho m\u00e1s f\u00e1cil de controlar cuando se es ni\u00f1o. Cuando llega la adolescencia, el sabor empieza a ser importante, y se conocen cosas nuevas. Y en la edad adulta hay que enfrentarse al deseo por los alimentos, y a las consecuencias de comerlos\u00bb.<\/strong><\/p>\n<p>Para los pacientes con PKU, esto puede tener consecuencias graves para su salud f\u00edsica y mental. En las personas que no controlan activamente su trastorno, son frecuentes s\u00edntomas tales como ansiedad, depresi\u00f3n, labilidad emocional y p\u00e9rdidas de concentraci\u00f3n.<\/p>\n<p><strong>\u00abEs diferente para cada persona\u00bb, afirma Antoine. \u00abLo que m\u00e1s temo es que puedo estar mucho m\u00e1s nervioso e irritable. A veces tambi\u00e9n tengo problemas de memoria\u00bb.<\/strong><\/p>\n<p>Antoine se cas\u00f3 con su mujer, Justine, en 2016. \u00abHa sido un apoyo enorme para m\u00ed\u00bb, dice sonriendo. \u00abHa cambiado sus h\u00e1bitos alimentarios para adaptarse a m\u00ed\u00bb. Aunque Justine siempre ha aceptado muy bien el trastorno de Antoine y le ha mostrado un gran apoyo, puede ser complicado y dif\u00edcil explicar las restricciones de la dieta a los familiares y amigos.<\/p>\n    <\/div>\n        <\/div>\n    <\/div>\n<\/div>\n\n<div id=\"acf-block-65523179a8422\" class=\"block split-content equal-bias bottom-border\" data-muted-autoplay=\"false\">\n\t<div class=\"wrapper\">\n\t\t<div class=\"inner-wrapper\">\n\t\t                                                                <div class=\"content-block first-block\">\n                                                                                                <h3>En 2018, Antoine y Justine viajaron a Jap\u00f3n, un viaje que estaban deseando hacer.<\/h3>\n<p>Por desgracia, una vez all\u00ed, Antoine pronto se dio cuenta de que hab\u00eda pocas opciones de alimentos para \u00e9l; esto acab\u00f3 siendo una cuesti\u00f3n recurrente durante toda su estancia, y los niveles altos de Phe resultantes afectaron negativamente al viaje.<\/p>\n<p><em>\u00abDespu\u00e9s de dos semanas comiendo sin seguir la dieta, tuve reacciones de adolescente en mi cabeza. Estaba muy nervioso. Not\u00e9 claramente una diferencia. Lo que querr\u00eda que supiera la gente sobre la PKU es que no es una elecci\u00f3n. Yo no elijo no comer estas cosas: es un problema m\u00e9dico realmente importante\u00bb.<\/em><\/p>\n                                                                                    <\/div>\n                    \n                                            <div class=\"content-block second-block\">\n                                                                                                                                                                                                                                                                                    \n                                    \n                                                                                                                \n                                    \n                                    <figure>\n                                        <div class=\"image image-rounded\">\n                                                                                            <img decoding=\"async\" class=\"\" src=\"https:\/\/pku.biomarin.com\/es-es\/liveunlimited\/wp-content\/uploads\/sites\/17\/2023\/11\/Antoine-768x432-1.jpg?v=0.74\" alt=\"\" \/>                                                                                    <\/div>\n                                                                            <\/figure>\n                                                                                    <\/div>\n                                                \t\t<\/div>\n\t<\/div>\n<\/div>\n\n<div id=\"acf-block-65523179a847d\" class=\"block wrapped-content\">\n    <div class=\"wrapper\">\n        <div class=\"inner-wrapper\">\n                \n<div id=\"acf-block-65523179a84a5\" class=\"block-wysiwyg\">\n            <p>A menudo viajar puede ser una experiencia abrumadora para los pacientes con PKU. En una encuesta reciente realizada en Europa, se comprob\u00f3 que viajar es tres veces m\u00e1s abrumador para los pacientes con PKU que para las personas sin trastornos de salud \u00abocultos\u00bb.<\/p>\n<p>Sin embargo, tambi\u00e9n hay retos que nos quedan m\u00e1s cerca.<\/p>\n<p>Aunque la transici\u00f3n de la atenci\u00f3n del ni\u00f1o a la atenci\u00f3n del adulto es dif\u00edcil para la mayor\u00eda de los pacientes con PKU, el reto es especialmente acuciante en Francia. Los pacientes no solo tienen que solicitar atenci\u00f3n continuada para la edad adulta una vez consiguen un trabajo, sino que adem\u00e1s cada cinco a\u00f1os tienen que renovar su situaci\u00f3n de padecer un trastorno cr\u00f3nico para seguir recibiendo atenci\u00f3n.<\/p>\n<p>\u00abEn Francia no se recibe autom\u00e1ticamente atenci\u00f3n para la PKU. Si no eres proactivo y no haces lo que te exige la administraci\u00f3n, no recibes la atenci\u00f3n\u00bb, explica Antoine.<\/p>\n    <\/div>\n        <\/div>\n    <\/div>\n<\/div>\n\n<div id=\"acf-block-65523179a8555\" class=\"block split-content equal-bias bottom-border\" data-muted-autoplay=\"false\">\n\t<div class=\"wrapper\">\n\t\t<div class=\"inner-wrapper\">\n\t\t                                                                <div class=\"content-block first-block\">\n                                                                                                                                                                                                                                                <div class=\"video-poster\">\n\t\t\t                            <a class=\"modal-video permitted\" href=\"https:\/\/player.vimeo.com\/video\/1010551727\" style=\"background-image: url(https:\/\/pku.biomarin.com\/es-es\/liveunlimited\/wp-content\/uploads\/sites\/17\/2023\/11\/2023-11-13-22h40m23s013-1500x844.png);\">Play<\/a>\n\t\t                            <\/div>\n                                    \n                                                                                                                    \n                                                                                                                \n\t\t                                                                            <\/div>\n                    \n                                            <div class=\"content-block second-block\">\n                                                                                                <h3>As\u00ed que, \u00bfqu\u00e9 clase de herramientas necesitan del sistema sanitario los pacientes con PKU?<\/h3>\n<p>Para Antoine,<\/p>\n<p><em>\u00abes una pregunta dif\u00edcil, porque la respuesta no es la misma si eres un ni\u00f1o, un adolescente o un adulto. Pero todos los pacientes con PKU nos beneficiar\u00edamos de un nutricionista que nos ayudara a afrontar las dificultades psicol\u00f3gicas y a planificar las comidas\u00bb.<\/em><\/p>\n<p>&nbsp;<\/p>\n<p><strong>&lt; Mira la historia de Antoine<\/strong><\/p>\n                                                                                    <\/div>\n                                                \t\t<\/div>\n\t<\/div>\n<\/div>\n\n<div id=\"acf-block-65523179a85c0\" class=\"block next-previous\">\n    <div class=\"wrapper\">\n\t\t<div class=\"inner-wrapper\">\n            <div class=\"link link-prev\">\n                                    <p><a class=\"button button-text button-arrow button-arrow-left\" href=\"https:\/\/pku.biomarin.com\/es-es\/liveunlimited\/lal\/\" target=\"_self\">Lal<\/a><\/p>\n                            <\/div>\n            <div class=\"link link-next\">\n                                    <p><a class=\"button button-text button-arrow\" href=\"https:\/\/pku.biomarin.com\/es-es\/liveunlimited\/nicolo\/\" target=\"_self\">Nicol\u00f2<\/a><\/p>\n                            <\/div>\n\t\t<\/div>\n\t<\/div>\n<\/div>","protected":false},"excerpt":{"rendered":"","protected":false},"author":2,"featured_media":0,"parent":0,"menu_order":0,"comment_status":"closed","ping_status":"closed","template":"","meta":{"_acf_changed":false,"inline_featured_image":false,"footnotes":""},"class_list":["post-536","page","type-page","status-publish","hentry"],"acf":[],"yoast_head":"<!-- This site is optimized with the Yoast SEO plugin v27.4 - https:\/\/yoast.com\/product\/yoast-seo-wordpress\/ -->\n<title>Antoine - BioMarin Live Unlimited ES-ES<\/title>\n<meta name=\"robots\" content=\"index, follow, max-snippet:-1, max-image-preview:large, max-video-preview:-1\" \/>\n<link rel=\"canonical\" href=\"https:\/\/pku.biomarin.com\/es-es\/liveunlimited\/antoine\/\" \/>\n<meta property=\"og:locale\" content=\"es_ES\" \/>\n<meta property=\"og:type\" content=\"article\" \/>\n<meta property=\"og:title\" content=\"Antoine - BioMarin Live Unlimited ES-ES\" \/>\n<meta property=\"og:url\" content=\"https:\/\/pku.biomarin.com\/es-es\/liveunlimited\/antoine\/\" \/>\n<meta property=\"og:site_name\" content=\"BioMarin Live Unlimited ES-ES\" \/>\n<meta property=\"article:modified_time\" content=\"2025-02-26T21:30:07+00:00\" \/>\n<meta name=\"twitter:card\" content=\"summary_large_image\" \/>\n<script type=\"application\/ld+json\" class=\"yoast-schema-graph\">{\"@context\":\"https:\\\/\\\/schema.org\",\"@graph\":[{\"@type\":\"WebPage\",\"@id\":\"https:\\\/\\\/pku.biomarin.com\\\/es-es\\\/liveunlimited\\\/antoine\\\/\",\"url\":\"https:\\\/\\\/pku.biomarin.com\\\/es-es\\\/liveunlimited\\\/antoine\\\/\",\"name\":\"Antoine - BioMarin Live Unlimited ES-ES\",\"isPartOf\":{\"@id\":\"https:\\\/\\\/pku.biomarin.com\\\/es-es\\\/liveunlimited\\\/#website\"},\"datePublished\":\"2023-11-08T22:54:05+00:00\",\"dateModified\":\"2025-02-26T21:30:07+00:00\",\"breadcrumb\":{\"@id\":\"https:\\\/\\\/pku.biomarin.com\\\/es-es\\\/liveunlimited\\\/antoine\\\/#breadcrumb\"},\"inLanguage\":\"es\",\"potentialAction\":[{\"@type\":\"ReadAction\",\"target\":[\"https:\\\/\\\/pku.biomarin.com\\\/es-es\\\/liveunlimited\\\/antoine\\\/\"]}]},{\"@type\":\"BreadcrumbList\",\"@id\":\"https:\\\/\\\/pku.biomarin.com\\\/es-es\\\/liveunlimited\\\/antoine\\\/#breadcrumb\",\"itemListElement\":[{\"@type\":\"ListItem\",\"position\":1,\"name\":\"Home\",\"item\":\"https:\\\/\\\/pku.biomarin.com\\\/es-es\\\/liveunlimited\\\/\"},{\"@type\":\"ListItem\",\"position\":2,\"name\":\"Antoine\"}]},{\"@type\":\"WebSite\",\"@id\":\"https:\\\/\\\/pku.biomarin.com\\\/es-es\\\/liveunlimited\\\/#website\",\"url\":\"https:\\\/\\\/pku.biomarin.com\\\/es-es\\\/liveunlimited\\\/\",\"name\":\"BioMarin Live Unlimited ES-ES\",\"description\":\"\",\"potentialAction\":[{\"@type\":\"SearchAction\",\"target\":{\"@type\":\"EntryPoint\",\"urlTemplate\":\"https:\\\/\\\/pku.biomarin.com\\\/es-es\\\/liveunlimited\\\/?s={search_term_string}\"},\"query-input\":{\"@type\":\"PropertyValueSpecification\",\"valueRequired\":true,\"valueName\":\"search_term_string\"}}],\"inLanguage\":\"es\"}]}<\/script>\n<!-- \/ Yoast SEO plugin. -->","yoast_head_json":{"title":"Antoine - BioMarin Live Unlimited ES-ES","robots":{"index":"index","follow":"follow","max-snippet":"max-snippet:-1","max-image-preview":"max-image-preview:large","max-video-preview":"max-video-preview:-1"},"canonical":"https:\/\/pku.biomarin.com\/es-es\/liveunlimited\/antoine\/","og_locale":"es_ES","og_type":"article","og_title":"Antoine - BioMarin Live Unlimited ES-ES","og_url":"https:\/\/pku.biomarin.com\/es-es\/liveunlimited\/antoine\/","og_site_name":"BioMarin Live Unlimited ES-ES","article_modified_time":"2025-02-26T21:30:07+00:00","twitter_card":"summary_large_image","schema":{"@context":"https:\/\/schema.org","@graph":[{"@type":"WebPage","@id":"https:\/\/pku.biomarin.com\/es-es\/liveunlimited\/antoine\/","url":"https:\/\/pku.biomarin.com\/es-es\/liveunlimited\/antoine\/","name":"Antoine - BioMarin Live Unlimited ES-ES","isPartOf":{"@id":"https:\/\/pku.biomarin.com\/es-es\/liveunlimited\/#website"},"datePublished":"2023-11-08T22:54:05+00:00","dateModified":"2025-02-26T21:30:07+00:00","breadcrumb":{"@id":"https:\/\/pku.biomarin.com\/es-es\/liveunlimited\/antoine\/#breadcrumb"},"inLanguage":"es","potentialAction":[{"@type":"ReadAction","target":["https:\/\/pku.biomarin.com\/es-es\/liveunlimited\/antoine\/"]}]},{"@type":"BreadcrumbList","@id":"https:\/\/pku.biomarin.com\/es-es\/liveunlimited\/antoine\/#breadcrumb","itemListElement":[{"@type":"ListItem","position":1,"name":"Home","item":"https:\/\/pku.biomarin.com\/es-es\/liveunlimited\/"},{"@type":"ListItem","position":2,"name":"Antoine"}]},{"@type":"WebSite","@id":"https:\/\/pku.biomarin.com\/es-es\/liveunlimited\/#website","url":"https:\/\/pku.biomarin.com\/es-es\/liveunlimited\/","name":"BioMarin Live Unlimited ES-ES","description":"","potentialAction":[{"@type":"SearchAction","target":{"@type":"EntryPoint","urlTemplate":"https:\/\/pku.biomarin.com\/es-es\/liveunlimited\/?s={search_term_string}"},"query-input":{"@type":"PropertyValueSpecification","valueRequired":true,"valueName":"search_term_string"}}],"inLanguage":"es"}]}},"_links":{"self":[{"href":"https:\/\/pku.biomarin.com\/es-es\/liveunlimited\/wp-json\/wp\/v2\/pages\/536","targetHints":{"allow":["GET"]}}],"collection":[{"href":"https:\/\/pku.biomarin.com\/es-es\/liveunlimited\/wp-json\/wp\/v2\/pages"}],"about":[{"href":"https:\/\/pku.biomarin.com\/es-es\/liveunlimited\/wp-json\/wp\/v2\/types\/page"}],"author":[{"embeddable":true,"href":"https:\/\/pku.biomarin.com\/es-es\/liveunlimited\/wp-json\/wp\/v2\/users\/2"}],"replies":[{"embeddable":true,"href":"https:\/\/pku.biomarin.com\/es-es\/liveunlimited\/wp-json\/wp\/v2\/comments?post=536"}],"version-history":[{"count":59,"href":"https:\/\/pku.biomarin.com\/es-es\/liveunlimited\/wp-json\/wp\/v2\/pages\/536\/revisions"}],"predecessor-version":[{"id":1526,"href":"https:\/\/pku.biomarin.com\/es-es\/liveunlimited\/wp-json\/wp\/v2\/pages\/536\/revisions\/1526"}],"wp:attachment":[{"href":"https:\/\/pku.biomarin.com\/es-es\/liveunlimited\/wp-json\/wp\/v2\/media?parent=536"}],"curies":[{"name":"wp","href":"https:\/\/api.w.org\/{rel}","templated":true}]}}