{"id":55,"date":"2023-11-06T10:45:50","date_gmt":"2023-11-06T10:45:50","guid":{"rendered":"https:\/\/liveunlimitedpku-dev-001.azurewebsites.net\/de-de\/?page_id=55"},"modified":"2025-02-11T17:33:19","modified_gmt":"2025-02-11T17:33:19","slug":"was-sie-tun-koennen","status":"publish","type":"page","link":"https:\/\/pku.biomarin.com\/de-de\/liveunlimited\/was-sie-tun-koennen\/","title":{"rendered":"Was Sie tun k\u00f6nnen"},"content":{"rendered":"<div id=\"acf-block-654a10d2ac6e4\" class=\"hero hero-no-overlay\">\n            <div class=\"hero-background-image hero-background-image-desktop\" style=\"background-image: url(https:\/\/pku.biomarin.com\/de-de\/liveunlimited\/wp-content\/uploads\/sites\/14\/2023\/11\/tup.png?v=0.74);\"><\/div>\n\t    <div class=\"hero-background-image hero-background-image-mobile\" style=\"background-image: url(https:\/\/pku.biomarin.com\/de-de\/liveunlimited\/wp-content\/uploads\/sites\/14\/2023\/11\/Tupperware.png?v=0.74);\"><\/div>\n    \t<div class=\"overlay\"><\/div>\n\t<div class=\"wrapper\">\n\t\t<div class=\"inner-wrapper\">\n\t\t\t<div class=\"hero-content\">\n\t\t\t    \t\t\t\t    <span class=\"section-title\"> Das leben ist kompliziert, wenn man nicht \u00fcber die n\u00f6tigen hilfsmittel verf\u00fcgt<\/span>\n\t\t\t\t\t\t\t\t\t\t\t\t\t\t\t\t    <h1>WAS SIE TUN K\u00d6NNEN\n<\/h1>\n\t\t\t\t\t\t\t\t\t\t\t\t\n                <p class=\"inline-buttons\">\n                                                        <\/p>\n\t\t\t\t\t\t\t<\/div>\n\t\t<\/div>\n\t<\/div>\n<\/div>\n\n\n<div id=\"acf-block-654a10d2acb11\" class=\"block accordion\">\n\t<div class=\"wrapper\">\n\t\t<div class=\"inner-wrapper\">\n\t\t                                                                                <div class=\"accordion-item\">\n                        <div class=\"accordion-title\">\n                            <div class=\"accordion-trigger\">\n                                <span><\/span>\n                                <span><\/span>\n                            <\/div>\n                            <h2>Wie kann ich die Live-Unlimited-Kampagne in den sozialen Medien unterst\u00fctzen?\n<\/h2>\n                        <\/div>\n                        <div class=\"accordion-content\">\n                                                            <ul>\n<li>Teilen und liken Sie die Videos auf unserem YouTube-Kanal.<\/li>\n<li>Teilen Sie die Inhalte der Kampagne auf Facebook, Twitter und Instagram und retweeten Sie die Informationen von anderen Menschen aus der PKU-Community.<\/li>\n<li>Teilen Sie den Link zu unserer Internetseite in den sozialen Medien.<\/li>\n<li>Informieren Sie Entscheidungstr\u00e4ger per Twitter \u00fcber die Kampagne und PKU, bspw. Frau Prof. Dr. Claudia Schmidtke, Patientenbeauftragte der Bundesregierung.<\/li>\n<li>Laden Sie hier eine signierte Version unseres Kampagnenposters <a href=\"https:\/\/pku.biomarin.com\/de-de\/liveunlimited\/\">herunter<\/a><\/li>\n<\/ul>\n                                                    <\/div>\n                    <\/div>\n                                                                            <div class=\"accordion-item\">\n                        <div class=\"accordion-title\">\n                            <div class=\"accordion-trigger\">\n                                <span><\/span>\n                                <span><\/span>\n                            <\/div>\n                            <h2>Wie kann ich sonst noch helfen?\n<\/h2>\n                        <\/div>\n                        <div class=\"accordion-content\">\n                                                            <p>Es gibt noch viele weitere M\u00f6glichkeiten, auf die <strong>Live-Unlimited<\/strong>-Kampagne und PKU aufmerksam zu machen. Beispielsweise k\u00f6nnen sie hier ein Exemplar unseres Kampagnenpakets anfordern und den Inhalt per E-Mail mit Ihren Freunden teilen. Oder Sie bringen bei einem Abendessen mit Freunden das Gespr\u00e4ch auf PKU.<\/p>\n<p>Sie k\u00f6nnen auch eine E\u2011Mail schreiben an <a href=\"mailto:LiveunlimitedPKU@bmrn.com\">LiveunlimitedPKU@bmrn.com<\/a> wenn Sie sich anderweitig engagieren m\u00f6chten.<\/p>\n                                                    <\/div>\n                    <\/div>\n                                                                            <div class=\"accordion-item\">\n                        <div class=\"accordion-title\">\n                            <div class=\"accordion-trigger\">\n                                <span><\/span>\n                                <span><\/span>\n                            <\/div>\n                            <h2>Wo kann ich Unterst\u00fctzung f\u00fcr Angeh\u00f6rige oder Bekannte mit PKU erhalten?\n<\/h2>\n                        <\/div>\n                        <div class=\"accordion-content\">\n                                                            <p>Wenn Sie Hilfe, Unterst\u00fctzung oder Ratschl\u00e4ge suchen, wenden Sie sich an die deutsche Selbsthilfegruppe <a href=\"http:\/\/www.dig-pku.de\" target=\"_blank\" rel=\"noopener\">www.dig-pku.de<\/a>.<\/p>\n                                                    <\/div>\n                    <\/div>\n                                                                            <div class=\"accordion-item\">\n                        <div class=\"accordion-title\">\n                            <div class=\"accordion-trigger\">\n                                <span><\/span>\n                                <span><\/span>\n                            <\/div>\n                            <h2>Wie kann ich Spenden sammeln oder an die entsprechenden Wohlt\u00e4tigkeitsorganisationen spenden?\n<\/h2>\n                        <\/div>\n                        <div class=\"accordion-content\">\n                                                            <p>Die <strong>Live-Unlimited<\/strong>-Kampagne nimmt keine Spenden entgegen. Sie k\u00f6nnen jedoch die Internetseite ihrer landesspezifischen Patientenorganisation besuchen, um zu erfahren, wie Sie beim Spendensammeln helfen oder deren Aktivit\u00e4ten unterst\u00fctzen k\u00f6nnen.<\/p>\n                                                    <\/div>\n                    <\/div>\n                                                                            <div class=\"accordion-item\">\n                        <div class=\"accordion-title\">\n                            <div class=\"accordion-trigger\">\n                                <span><\/span>\n                                <span><\/span>\n                            <\/div>\n                            <h2>Wo kann ich mehr \u00fcber PKU erfahren?\n<\/h2>\n                        <\/div>\n                        <div class=\"accordion-content\">\n                                                            <p>Bitte wenden Sie sich an die deutsche Selbsthilfegruppe <a href=\"http:\/\/www.dig-pku.de\" target=\"_blank\" rel=\"noopener\">www.dig-pku.de<\/a>.<\/p>\n                                                    <\/div>\n                    <\/div>\n                            \t\t<\/div>\n\t<\/div>\n<\/div>","protected":false},"excerpt":{"rendered":"","protected":false},"author":2,"featured_media":0,"parent":0,"menu_order":0,"comment_status":"closed","ping_status":"closed","template":"","meta":{"_acf_changed":false,"inline_featured_image":false,"footnotes":""},"class_list":["post-55","page","type-page","status-publish","hentry"],"acf":[],"yoast_head":"<!-- This site is optimized with the Yoast SEO plugin v27.4 - https:\/\/yoast.com\/product\/yoast-seo-wordpress\/ -->\n<title>Was Sie tun k\u00f6nnen | Live Unlimited PKU<\/title>\n<meta name=\"description\" content=\"Sie k\u00f6nnen auf vielf\u00e4ltige Weise dazu beitragen, das Bewusstsein f\u00fcr die Live-Unlimited-Kampagne und PKU zu sch\u00e4rfen. Teilen Sie beispielsweise Inhalte per E-Mail mit Ihren Kollegen oder bringen Sie PKU beim Abendessen mit Freunden ins Gespr\u00e4ch.\" \/>\n<meta name=\"robots\" content=\"index, follow, max-snippet:-1, max-image-preview:large, max-video-preview:-1\" \/>\n<link rel=\"canonical\" href=\"https:\/\/pku.biomarin.com\/de-de\/liveunlimited\/was-sie-tun-koennen\/\" \/>\n<meta property=\"og:locale\" content=\"de_DE\" \/>\n<meta property=\"og:type\" content=\"article\" \/>\n<meta property=\"og:title\" content=\"Was Sie tun k\u00f6nnen | Live Unlimited PKU\" \/>\n<meta property=\"og:description\" content=\"Sie k\u00f6nnen auf vielf\u00e4ltige Weise dazu beitragen, das Bewusstsein f\u00fcr die Live-Unlimited-Kampagne und PKU zu sch\u00e4rfen. Teilen Sie beispielsweise Inhalte per E-Mail mit Ihren Kollegen oder bringen Sie PKU beim Abendessen mit Freunden ins Gespr\u00e4ch.\" \/>\n<meta property=\"og:url\" content=\"https:\/\/pku.biomarin.com\/de-de\/liveunlimited\/was-sie-tun-koennen\/\" \/>\n<meta property=\"og:site_name\" content=\"BioMarin Live Unlimited DE-DE\" \/>\n<meta property=\"article:modified_time\" content=\"2025-02-11T17:33:19+00:00\" \/>\n<meta name=\"twitter:card\" content=\"summary_large_image\" \/>\n<script type=\"application\/ld+json\" class=\"yoast-schema-graph\">{\"@context\":\"https:\\\/\\\/schema.org\",\"@graph\":[{\"@type\":\"WebPage\",\"@id\":\"https:\\\/\\\/pku.biomarin.com\\\/de-de\\\/liveunlimited\\\/was-sie-tun-koennen\\\/\",\"url\":\"https:\\\/\\\/pku.biomarin.com\\\/de-de\\\/liveunlimited\\\/was-sie-tun-koennen\\\/\",\"name\":\"Was Sie tun k\u00f6nnen | Live Unlimited PKU\",\"isPartOf\":{\"@id\":\"https:\\\/\\\/pku.biomarin.com\\\/de-de\\\/liveunlimited\\\/#website\"},\"datePublished\":\"2023-11-06T10:45:50+00:00\",\"dateModified\":\"2025-02-11T17:33:19+00:00\",\"description\":\"Sie k\u00f6nnen auf vielf\u00e4ltige Weise dazu beitragen, das Bewusstsein f\u00fcr die Live-Unlimited-Kampagne und PKU zu sch\u00e4rfen. Teilen Sie beispielsweise Inhalte per E-Mail mit Ihren Kollegen oder bringen Sie PKU beim Abendessen mit Freunden ins Gespr\u00e4ch.\",\"breadcrumb\":{\"@id\":\"https:\\\/\\\/pku.biomarin.com\\\/de-de\\\/liveunlimited\\\/was-sie-tun-koennen\\\/#breadcrumb\"},\"inLanguage\":\"de\",\"potentialAction\":[{\"@type\":\"ReadAction\",\"target\":[\"https:\\\/\\\/pku.biomarin.com\\\/de-de\\\/liveunlimited\\\/was-sie-tun-koennen\\\/\"]}]},{\"@type\":\"BreadcrumbList\",\"@id\":\"https:\\\/\\\/pku.biomarin.com\\\/de-de\\\/liveunlimited\\\/was-sie-tun-koennen\\\/#breadcrumb\",\"itemListElement\":[{\"@type\":\"ListItem\",\"position\":1,\"name\":\"Home\",\"item\":\"https:\\\/\\\/pku.biomarin.com\\\/de-de\\\/liveunlimited\\\/\"},{\"@type\":\"ListItem\",\"position\":2,\"name\":\"Was Sie tun k\u00f6nnen\"}]},{\"@type\":\"WebSite\",\"@id\":\"https:\\\/\\\/pku.biomarin.com\\\/de-de\\\/liveunlimited\\\/#website\",\"url\":\"https:\\\/\\\/pku.biomarin.com\\\/de-de\\\/liveunlimited\\\/\",\"name\":\"BioMarin Live Unlimited DE-DE\",\"description\":\"\",\"potentialAction\":[{\"@type\":\"SearchAction\",\"target\":{\"@type\":\"EntryPoint\",\"urlTemplate\":\"https:\\\/\\\/pku.biomarin.com\\\/de-de\\\/liveunlimited\\\/?s={search_term_string}\"},\"query-input\":{\"@type\":\"PropertyValueSpecification\",\"valueRequired\":true,\"valueName\":\"search_term_string\"}}],\"inLanguage\":\"de\"}]}<\/script>\n<!-- \/ Yoast SEO plugin. -->","yoast_head_json":{"title":"Was Sie tun k\u00f6nnen | Live Unlimited PKU","description":"Sie k\u00f6nnen auf vielf\u00e4ltige Weise dazu beitragen, das Bewusstsein f\u00fcr die Live-Unlimited-Kampagne und PKU zu sch\u00e4rfen. Teilen Sie beispielsweise Inhalte per E-Mail mit Ihren Kollegen oder bringen Sie PKU beim Abendessen mit Freunden ins Gespr\u00e4ch.","robots":{"index":"index","follow":"follow","max-snippet":"max-snippet:-1","max-image-preview":"max-image-preview:large","max-video-preview":"max-video-preview:-1"},"canonical":"https:\/\/pku.biomarin.com\/de-de\/liveunlimited\/was-sie-tun-koennen\/","og_locale":"de_DE","og_type":"article","og_title":"Was Sie tun k\u00f6nnen | Live Unlimited PKU","og_description":"Sie k\u00f6nnen auf vielf\u00e4ltige Weise dazu beitragen, das Bewusstsein f\u00fcr die Live-Unlimited-Kampagne und PKU zu sch\u00e4rfen. Teilen Sie beispielsweise Inhalte per E-Mail mit Ihren Kollegen oder bringen Sie PKU beim Abendessen mit Freunden ins Gespr\u00e4ch.","og_url":"https:\/\/pku.biomarin.com\/de-de\/liveunlimited\/was-sie-tun-koennen\/","og_site_name":"BioMarin Live Unlimited DE-DE","article_modified_time":"2025-02-11T17:33:19+00:00","twitter_card":"summary_large_image","schema":{"@context":"https:\/\/schema.org","@graph":[{"@type":"WebPage","@id":"https:\/\/pku.biomarin.com\/de-de\/liveunlimited\/was-sie-tun-koennen\/","url":"https:\/\/pku.biomarin.com\/de-de\/liveunlimited\/was-sie-tun-koennen\/","name":"Was Sie tun k\u00f6nnen | Live Unlimited PKU","isPartOf":{"@id":"https:\/\/pku.biomarin.com\/de-de\/liveunlimited\/#website"},"datePublished":"2023-11-06T10:45:50+00:00","dateModified":"2025-02-11T17:33:19+00:00","description":"Sie k\u00f6nnen auf vielf\u00e4ltige Weise dazu beitragen, das Bewusstsein f\u00fcr die Live-Unlimited-Kampagne und PKU zu sch\u00e4rfen. Teilen Sie beispielsweise Inhalte per E-Mail mit Ihren Kollegen oder bringen Sie PKU beim Abendessen mit Freunden ins Gespr\u00e4ch.","breadcrumb":{"@id":"https:\/\/pku.biomarin.com\/de-de\/liveunlimited\/was-sie-tun-koennen\/#breadcrumb"},"inLanguage":"de","potentialAction":[{"@type":"ReadAction","target":["https:\/\/pku.biomarin.com\/de-de\/liveunlimited\/was-sie-tun-koennen\/"]}]},{"@type":"BreadcrumbList","@id":"https:\/\/pku.biomarin.com\/de-de\/liveunlimited\/was-sie-tun-koennen\/#breadcrumb","itemListElement":[{"@type":"ListItem","position":1,"name":"Home","item":"https:\/\/pku.biomarin.com\/de-de\/liveunlimited\/"},{"@type":"ListItem","position":2,"name":"Was Sie tun k\u00f6nnen"}]},{"@type":"WebSite","@id":"https:\/\/pku.biomarin.com\/de-de\/liveunlimited\/#website","url":"https:\/\/pku.biomarin.com\/de-de\/liveunlimited\/","name":"BioMarin Live Unlimited DE-DE","description":"","potentialAction":[{"@type":"SearchAction","target":{"@type":"EntryPoint","urlTemplate":"https:\/\/pku.biomarin.com\/de-de\/liveunlimited\/?s={search_term_string}"},"query-input":{"@type":"PropertyValueSpecification","valueRequired":true,"valueName":"search_term_string"}}],"inLanguage":"de"}]}},"_links":{"self":[{"href":"https:\/\/pku.biomarin.com\/de-de\/liveunlimited\/wp-json\/wp\/v2\/pages\/55","targetHints":{"allow":["GET"]}}],"collection":[{"href":"https:\/\/pku.biomarin.com\/de-de\/liveunlimited\/wp-json\/wp\/v2\/pages"}],"about":[{"href":"https:\/\/pku.biomarin.com\/de-de\/liveunlimited\/wp-json\/wp\/v2\/types\/page"}],"author":[{"embeddable":true,"href":"https:\/\/pku.biomarin.com\/de-de\/liveunlimited\/wp-json\/wp\/v2\/users\/2"}],"replies":[{"embeddable":true,"href":"https:\/\/pku.biomarin.com\/de-de\/liveunlimited\/wp-json\/wp\/v2\/comments?post=55"}],"version-history":[{"count":35,"href":"https:\/\/pku.biomarin.com\/de-de\/liveunlimited\/wp-json\/wp\/v2\/pages\/55\/revisions"}],"predecessor-version":[{"id":1518,"href":"https:\/\/pku.biomarin.com\/de-de\/liveunlimited\/wp-json\/wp\/v2\/pages\/55\/revisions\/1518"}],"wp:attachment":[{"href":"https:\/\/pku.biomarin.com\/de-de\/liveunlimited\/wp-json\/wp\/v2\/media?parent=55"}],"curies":[{"name":"wp","href":"https:\/\/api.w.org\/{rel}","templated":true}]}}