{"id":540,"date":"2023-11-08T22:54:57","date_gmt":"2023-11-08T22:54:57","guid":{"rendered":"https:\/\/liveunlimitedpku-dev-001.azurewebsites.net\/de-de\/?page_id=540"},"modified":"2025-02-12T12:53:00","modified_gmt":"2025-02-12T12:53:00","slug":"lal","status":"publish","type":"page","link":"https:\/\/pku.biomarin.com\/de-de\/liveunlimited\/lal\/","title":{"rendered":"Lal"},"content":{"rendered":"<div id=\"acf-block-65524130b7069\" class=\"hero hero-no-overlay hero-large-first-para\">\n            <div class=\"hero-background-image hero-background-image-desktop\" style=\"background-image: url(https:\/\/pku.biomarin.com\/de-de\/liveunlimited\/wp-content\/uploads\/sites\/14\/2023\/11\/lal.jpg?v=0.74);\"><\/div>\n\t    <div class=\"hero-background-image hero-background-image-mobile\" style=\"background-image: url(https:\/\/pku.biomarin.com\/de-de\/liveunlimited\/wp-content\/uploads\/sites\/14\/2023\/11\/lal.jpg?v=0.74);\"><\/div>\n    \t<div class=\"overlay\"><\/div>\n\t<div class=\"wrapper\">\n\t\t<div class=\"inner-wrapper\">\n\t\t\t<div class=\"hero-content\">\n\t\t\t    \t\t\t\t    <span class=\"section-title\"> Das leben ist kompliziert, wenn man nicht \u00fcber die n\u00f6tigen hilfsmittel verf\u00fcgt<\/span>\n\t\t\t\t\t\t\t\t\t\t\t\t\t\t\t\t    <h1>LAL\n\n<\/h1>\n\t\t\t\t\t\t\t\t\t\t\t\t    <p>T\u00fcrkei<\/p>\n<p>Wer in Istanbul mit PKU aufw\u00e4chst, hat normalerweise Gl\u00fcck gehabt\u201c, erz\u00e4hlt Lal. In dieser bunten und pulsierenden Stadt, die einem manchmal wie die ganze Welt auf engstem Raum vorkommt, haben Patienten mit PKU viele M\u00f6glichkeiten, sich mit anderen Betroffenen zu vernetzten und medizinische Unterst\u00fctzung zu erhalten.<\/p>\n\t\t\t\t\t\t\t\t\n                <p class=\"inline-buttons\">\n                                                        <\/p>\n\t\t\t\t\t\t\t<\/div>\n\t\t<\/div>\n\t<\/div>\n<\/div>\n\n\n<div id=\"acf-block-65524130b73b5\" class=\"block next-previous block-tight-top\">\n    <div class=\"wrapper\">\n\t\t<div class=\"inner-wrapper\">\n            <div class=\"link link-prev\">\n                                    <p><a class=\"button button-text button-arrow button-arrow-left\" href=\"https:\/\/pku.biomarin.com\/de-de\/liveunlimited\/videogeschichten\/\" target=\"_self\">Zur\u00fcck zu allen Videogeschichten<\/a><\/p>\n                            <\/div>\n            <div class=\"link link-next\">\n                            <\/div>\n\t\t<\/div>\n\t<\/div>\n<\/div>\n\n<div id=\"acf-block-65524130b758a\" class=\"block wrapped-content\">\n    <div class=\"wrapper\">\n        <div class=\"inner-wrapper\">\n                \n<div id=\"acf-block-65524130b7727\" class=\"block-wysiwyg\">\n            <h2>Allerdings haben viele Patienten in den \u00fcbrigen Landesteilen der T\u00fcrkei nicht so viel Gl\u00fcck.<\/h2>\n<p><strong>\u201eDer Gro\u00dfteil der t\u00fcrkischen Bev\u00f6lkerung lebt im Osten\u201c, <\/strong>erz\u00e4hlt Lal.<strong> \u201eF\u00fcr die dort lebenden PKU-Patienten gibt es zu wenig finanzielle Unterst\u00fctzung und eine nur unzureichende Gesundheitsversorgung.\u201c<\/strong><\/p>\n<p><strong>\u201eObwohl Babies mit PKU versorgt werden, erleben viele Patienten im Laufe ihres Lebens, dass sie aus der medizinischen Versorgung herausfallen und von ihren \u00c4rzten nicht mehr betreut werden\u201c<\/strong>, erkl\u00e4rt Lal.<\/p>\n<p><strong>\u201eEs gibt ungef\u00e4hr 10.000 PKU-Patienten in der T\u00fcrkei und nur 50 \u00c4rzte, die sich um sie k\u00fcmmern. Das ist ein gro\u00dfes Problem \u2013 es gibt zu wenig Spezialisten und zu wenig Stoffwechselzentren.\u201c <\/strong><\/p>\n<p>Lal behandelt ihre PKU mit einer sehr restriktiven Di\u00e4t. Ihre Mutter Deniz hat ihr beigebracht, einen Ern\u00e4hrungsplan aufzustellen und sich streng daran zu halten.<\/p>\n<p><strong>\u201eMeine erste Erinnerung an die PKU ist ein Urlaubserlebnis als ich vier oder f\u00fcnf Jahre alt war. Wir haben zu Abend gegessen und f\u00fcr mich wurde Reis bestellt. Zu sp\u00e4t erfuhren wir, dass der Reis mit Fleischso\u00dfe serviert wird. Ich wei\u00df noch, dass meine Mutter panisch wurde, weinte und Angst um mich hatte.\u201d<\/strong><\/p>\n<p>Bei jungen Menschen mit PKU kann der Verzehr von Proteinen zu irreversiblen Behinderungen f\u00fchren, z. B. zu Gehirnsch\u00e4den. Manchmal h\u00e4lt dieses Wissen die Betroffenen dennoch nicht davon ab, ihre Di\u00e4t zu vernachl\u00e4ssigen. Wer jung ist, w\u00fcnscht sich nur ein ganz \u201anormales\u2018 Leben zu f\u00fchren.<\/p>\n    <\/div>\n        <\/div>\n    <\/div>\n<\/div>\n\n<div id=\"acf-block-65524130b8316\" class=\"block split-content equal-bias bottom-border\" data-muted-autoplay=\"false\">\n\t<div class=\"wrapper\">\n\t\t<div class=\"inner-wrapper\">\n\t\t                                                                <div class=\"content-block first-block\">\n                                                                                                <h3><strong>\u201e<\/strong>Unsere Patientenorganisation hat im Sommer Freizeiten f\u00fcr PKU-Betroffenen organisiert. Ich wollte dort nie hingehen, weil andere versuchten, mich zu beeinflussen und zu verf\u00fchren.\u201c<\/h3>\n<p><em>\u201eDie meisten waren ihrer Erkrankung gegen\u00fcber sehr negativ eingestellt. Sie hassten ihre Di\u00e4t uns sich selbst. Sie kamen zu mir und fragten: Ich habe Schokolade, m\u00f6chtest Du ein St\u00fcck haben? Viele haben sich null um ihre Di\u00e4t geschert.\u201c<\/em><\/p>\n<p><em>\u201eEinerseits verstehe ich, dass man etwas essen m\u00f6chte, was man nicht darf. Andererseits verstehe ich nicht, dass Betroffene die psychischen Auswirkungen vergessen k\u00f6nnen, die nach dem Verzehr von Protein eintreten. Ich verstehe nicht, dass manche etwas essen, nur weil sie von ihren Freunden akzeptiert werden m\u00f6chten \u2013 manche betrinken sich zum Beispiel auf einem Konzert.\u201d<\/em><\/p>\n                                                                                    <\/div>\n                    \n                                            <div class=\"content-block second-block\">\n                                                                                                                                                                                                                                                                                    \n                                    \n                                                                                                                \n                                    \n                                    <figure>\n                                        <div class=\"image image-rounded\">\n                                                                                            <img decoding=\"async\" class=\"\" src=\"https:\/\/pku.biomarin.com\/de-de\/liveunlimited\/wp-content\/uploads\/sites\/14\/2023\/11\/Lal-002-768x512-1.jpg?v=0.74\" alt=\"\" \/>                                                                                    <\/div>\n                                                                            <\/figure>\n                                                                                    <\/div>\n                                                \t\t<\/div>\n\t<\/div>\n<\/div>\n\n<div id=\"acf-block-65524130b836a\" class=\"block wrapped-content\">\n    <div class=\"wrapper\">\n        <div class=\"inner-wrapper\">\n                \n<div id=\"acf-block-65524130b8396\" class=\"block-wysiwyg\">\n            <p>Obwohl Lal von ihrer Familie, ihren Freunden, \u00c4rzten und dem Netzwerk f\u00fcr PKU-Patienten sehr viel Unterst\u00fctzung erf\u00e4hrt, ist sie manchmal depressiv \u2013 insbesondere, wenn ihr Phe-Spiegel hoch ist.<\/p>\n<p><strong>\u201eDann habe ich wirklich Schwierigkeiten, mich zu konzentrieren. Ich f\u00fchle mich ersch\u00f6pft, total unf\u00e4hig und bin mitunter auch sehr w\u00fctend. Wenn der Phe-Wert hoch ist, bist Du gestresst. Ein hoher Phe-Blutspiegel ver\u00e4ndert Dich, Deine Gef\u00fchle und Du kannst Dich nicht mehr \u00fcber einen l\u00e4ngeren Zeitraum konzentrieren.\u201c<\/strong><\/p>\n<p>Vor einigen Jahren erfuhr Lal, dass eine Schwangerschaft f\u00fcr Frauen mit PKU nicht auf die leichte Schulter zu nehmen ist. Erstens, weil die t\u00e4gliche Proteineinnahme streng \u00fcberwacht werden muss. Und zweitens, weil sich Abweichungen vom Di\u00e4tplan negativ auf die Entwicklung des heranwachsenden Kindes auswirken k\u00f6nnen.<\/p>\n<p>Lal wei\u00df, dass die PKU ihre Pers\u00f6nlichkeit gepr\u00e4gt hat. \u201eIch verdanke der PKU meine heutige St\u00e4rke. Allein schon deshalb, weil ich direkt nach meiner Geburt gelernt habe, mich Herausforderungen zu stellen. Ich habe gelernt, mich zu m\u00f6gen, zu akzeptieren wie ich bin und auf mich aufzupassen.<\/p>\n<p>Das zeigt sich besonders, wenn Lal ins Tanzstudio geht. Ihr Gesicht strahlt buchst\u00e4blich, wenn sie \u00fcber Theater und Tanz spricht.<\/p>\n    <\/div>\n        <\/div>\n    <\/div>\n<\/div>\n\n<div id=\"acf-block-65524130b8423\" class=\"block split-content equal-bias bottom-border\" data-muted-autoplay=\"false\">\n\t<div class=\"wrapper\">\n\t\t<div class=\"inner-wrapper\">\n\t\t                                                                <div class=\"content-block first-block\">\n                                                                                                                                                                                                                                                <div class=\"video-poster\">\n\t\t\t                            <a class=\"modal-video permitted\" href=\"https:\/\/player.vimeo.com\/video\/1035832160\" style=\"background-image: url(https:\/\/pku.biomarin.com\/de-de\/liveunlimited\/wp-content\/uploads\/sites\/14\/2023\/11\/2023-11-13-22h58m37s985-1500x844.png);\">Play<\/a>\n\t\t                            <\/div>\n                                    \n                                                                                                                    \n                                                                                                                \n\t\t                                                                            <\/div>\n                    \n                                            <div class=\"content-block second-block\">\n                                                                                                <h3>\u201eDas Theater und die B\u00fchne werden immer ein Teil meines Lebens sein. Es ist ein ganz besonderer Zauber, wenn man merkt, dass man das Publikum erreicht hat. Tanz hat f\u00fcr mich einen etwas anderen Stellenwert: Er hilft mir, meine Grenzen zu erweitern.\u201c<\/h3>\n<p>&nbsp;<\/p>\n                                                                                    <\/div>\n                                                \t\t<\/div>\n\t<\/div>\n<\/div>\n\n<div id=\"acf-block-655241b39dd72\" class=\"block next-previous\">\n    <div class=\"wrapper\">\n\t\t<div class=\"inner-wrapper\">\n            <div class=\"link link-prev\">\n                                    <p><a class=\"button button-text button-arrow button-arrow-left\" href=\"https:\/\/pku.biomarin.com\/de-de\/liveunlimited\/nicolo\/\" target=\"_self\">Nicol\u00f2<\/a><\/p>\n                            <\/div>\n            <div class=\"link link-next\">\n                                    <p><a class=\"button button-text button-arrow\" href=\"https:\/\/pku.biomarin.com\/de-de\/liveunlimited\/raquel\/\" target=\"_self\">Raquel<\/a><\/p>\n                            <\/div>\n\t\t<\/div>\n\t<\/div>\n<\/div>","protected":false},"excerpt":{"rendered":"","protected":false},"author":2,"featured_media":0,"parent":0,"menu_order":0,"comment_status":"closed","ping_status":"closed","template":"","meta":{"_acf_changed":false,"inline_featured_image":false,"footnotes":""},"class_list":["post-540","page","type-page","status-publish","hentry"],"acf":[],"yoast_head":"<!-- This site is optimized with the Yoast SEO plugin v27.4 - https:\/\/yoast.com\/product\/yoast-seo-wordpress\/ -->\n<title>Lal - BioMarin Live Unlimited DE-DE<\/title>\n<meta name=\"robots\" content=\"index, follow, max-snippet:-1, max-image-preview:large, max-video-preview:-1\" \/>\n<link rel=\"canonical\" href=\"https:\/\/pku.biomarin.com\/de-de\/liveunlimited\/lal\/\" \/>\n<meta property=\"og:locale\" content=\"de_DE\" \/>\n<meta property=\"og:type\" content=\"article\" \/>\n<meta property=\"og:title\" content=\"Lal - BioMarin Live Unlimited DE-DE\" \/>\n<meta property=\"og:url\" content=\"https:\/\/pku.biomarin.com\/de-de\/liveunlimited\/lal\/\" \/>\n<meta property=\"og:site_name\" content=\"BioMarin Live Unlimited DE-DE\" \/>\n<meta property=\"article:modified_time\" content=\"2025-02-12T12:53:00+00:00\" \/>\n<meta name=\"twitter:card\" content=\"summary_large_image\" \/>\n<script type=\"application\/ld+json\" class=\"yoast-schema-graph\">{\"@context\":\"https:\\\/\\\/schema.org\",\"@graph\":[{\"@type\":\"WebPage\",\"@id\":\"https:\\\/\\\/pku.biomarin.com\\\/de-de\\\/liveunlimited\\\/lal\\\/\",\"url\":\"https:\\\/\\\/pku.biomarin.com\\\/de-de\\\/liveunlimited\\\/lal\\\/\",\"name\":\"Lal - BioMarin Live Unlimited DE-DE\",\"isPartOf\":{\"@id\":\"https:\\\/\\\/pku.biomarin.com\\\/de-de\\\/liveunlimited\\\/#website\"},\"datePublished\":\"2023-11-08T22:54:57+00:00\",\"dateModified\":\"2025-02-12T12:53:00+00:00\",\"breadcrumb\":{\"@id\":\"https:\\\/\\\/pku.biomarin.com\\\/de-de\\\/liveunlimited\\\/lal\\\/#breadcrumb\"},\"inLanguage\":\"de\",\"potentialAction\":[{\"@type\":\"ReadAction\",\"target\":[\"https:\\\/\\\/pku.biomarin.com\\\/de-de\\\/liveunlimited\\\/lal\\\/\"]}]},{\"@type\":\"BreadcrumbList\",\"@id\":\"https:\\\/\\\/pku.biomarin.com\\\/de-de\\\/liveunlimited\\\/lal\\\/#breadcrumb\",\"itemListElement\":[{\"@type\":\"ListItem\",\"position\":1,\"name\":\"Home\",\"item\":\"https:\\\/\\\/pku.biomarin.com\\\/de-de\\\/liveunlimited\\\/\"},{\"@type\":\"ListItem\",\"position\":2,\"name\":\"Lal\"}]},{\"@type\":\"WebSite\",\"@id\":\"https:\\\/\\\/pku.biomarin.com\\\/de-de\\\/liveunlimited\\\/#website\",\"url\":\"https:\\\/\\\/pku.biomarin.com\\\/de-de\\\/liveunlimited\\\/\",\"name\":\"BioMarin Live Unlimited DE-DE\",\"description\":\"\",\"potentialAction\":[{\"@type\":\"SearchAction\",\"target\":{\"@type\":\"EntryPoint\",\"urlTemplate\":\"https:\\\/\\\/pku.biomarin.com\\\/de-de\\\/liveunlimited\\\/?s={search_term_string}\"},\"query-input\":{\"@type\":\"PropertyValueSpecification\",\"valueRequired\":true,\"valueName\":\"search_term_string\"}}],\"inLanguage\":\"de\"}]}<\/script>\n<!-- \/ Yoast SEO plugin. -->","yoast_head_json":{"title":"Lal - BioMarin Live Unlimited DE-DE","robots":{"index":"index","follow":"follow","max-snippet":"max-snippet:-1","max-image-preview":"max-image-preview:large","max-video-preview":"max-video-preview:-1"},"canonical":"https:\/\/pku.biomarin.com\/de-de\/liveunlimited\/lal\/","og_locale":"de_DE","og_type":"article","og_title":"Lal - BioMarin Live Unlimited DE-DE","og_url":"https:\/\/pku.biomarin.com\/de-de\/liveunlimited\/lal\/","og_site_name":"BioMarin Live Unlimited DE-DE","article_modified_time":"2025-02-12T12:53:00+00:00","twitter_card":"summary_large_image","schema":{"@context":"https:\/\/schema.org","@graph":[{"@type":"WebPage","@id":"https:\/\/pku.biomarin.com\/de-de\/liveunlimited\/lal\/","url":"https:\/\/pku.biomarin.com\/de-de\/liveunlimited\/lal\/","name":"Lal - BioMarin Live Unlimited DE-DE","isPartOf":{"@id":"https:\/\/pku.biomarin.com\/de-de\/liveunlimited\/#website"},"datePublished":"2023-11-08T22:54:57+00:00","dateModified":"2025-02-12T12:53:00+00:00","breadcrumb":{"@id":"https:\/\/pku.biomarin.com\/de-de\/liveunlimited\/lal\/#breadcrumb"},"inLanguage":"de","potentialAction":[{"@type":"ReadAction","target":["https:\/\/pku.biomarin.com\/de-de\/liveunlimited\/lal\/"]}]},{"@type":"BreadcrumbList","@id":"https:\/\/pku.biomarin.com\/de-de\/liveunlimited\/lal\/#breadcrumb","itemListElement":[{"@type":"ListItem","position":1,"name":"Home","item":"https:\/\/pku.biomarin.com\/de-de\/liveunlimited\/"},{"@type":"ListItem","position":2,"name":"Lal"}]},{"@type":"WebSite","@id":"https:\/\/pku.biomarin.com\/de-de\/liveunlimited\/#website","url":"https:\/\/pku.biomarin.com\/de-de\/liveunlimited\/","name":"BioMarin Live Unlimited DE-DE","description":"","potentialAction":[{"@type":"SearchAction","target":{"@type":"EntryPoint","urlTemplate":"https:\/\/pku.biomarin.com\/de-de\/liveunlimited\/?s={search_term_string}"},"query-input":{"@type":"PropertyValueSpecification","valueRequired":true,"valueName":"search_term_string"}}],"inLanguage":"de"}]}},"_links":{"self":[{"href":"https:\/\/pku.biomarin.com\/de-de\/liveunlimited\/wp-json\/wp\/v2\/pages\/540","targetHints":{"allow":["GET"]}}],"collection":[{"href":"https:\/\/pku.biomarin.com\/de-de\/liveunlimited\/wp-json\/wp\/v2\/pages"}],"about":[{"href":"https:\/\/pku.biomarin.com\/de-de\/liveunlimited\/wp-json\/wp\/v2\/types\/page"}],"author":[{"embeddable":true,"href":"https:\/\/pku.biomarin.com\/de-de\/liveunlimited\/wp-json\/wp\/v2\/users\/2"}],"replies":[{"embeddable":true,"href":"https:\/\/pku.biomarin.com\/de-de\/liveunlimited\/wp-json\/wp\/v2\/comments?post=540"}],"version-history":[{"count":43,"href":"https:\/\/pku.biomarin.com\/de-de\/liveunlimited\/wp-json\/wp\/v2\/pages\/540\/revisions"}],"predecessor-version":[{"id":1523,"href":"https:\/\/pku.biomarin.com\/de-de\/liveunlimited\/wp-json\/wp\/v2\/pages\/540\/revisions\/1523"}],"wp:attachment":[{"href":"https:\/\/pku.biomarin.com\/de-de\/liveunlimited\/wp-json\/wp\/v2\/media?parent=540"}],"curies":[{"name":"wp","href":"https:\/\/api.w.org\/{rel}","templated":true}]}}